CRAN Package Check Results for Package rfPermute

Last updated on 2021-06-15 08:50:07 CEST.

Flavor Version Tinstall Tcheck Ttotal Status Flags
r-devel-linux-x86_64-debian-clang 2.2 3.65 61.17 64.82 OK
r-devel-linux-x86_64-debian-gcc 2.2 2.94 46.83 49.77 OK
r-devel-linux-x86_64-fedora-clang 2.2 86.04 OK
r-devel-linux-x86_64-fedora-gcc 2.2 75.30 OK
r-devel-windows-x86_64 2.2 6.00 79.00 85.00 OK
r-devel-windows-x86_64-gcc10-UCRT 2.2 ERROR
r-patched-linux-x86_64 2.2 7.76 60.53 68.29 OK
r-patched-solaris-x86 2.2 106.50 OK
r-release-linux-x86_64 2.2 3.17 58.64 61.81 OK
r-release-macos-arm64 2.2 OK
r-release-macos-x86_64 2.2 OK
r-release-windows-ix86+x86_64 2.2 8.00 78.00 86.00 OK
r-oldrel-macos-x86_64 2.2 OK
r-oldrel-windows-ix86+x86_64 2.2 11.00 81.00 92.00 OK

Check Details

Version: 2.2
Check: package dependencies
Result: ERROR
    Package required but not available: 'swfscMisc'
    
    See section 'The DESCRIPTION file' in the 'Writing R Extensions'
    manual.
Flavor: r-devel-windows-x86_64-gcc10-UCRT