CRAN Package Check Results for Package retry

Last updated on 2021-07-24 07:49:37 CEST.

Flavor Version Tinstall Tcheck Ttotal Status Flags
r-devel-linux-x86_64-debian-clang 0.1.0 1.88 27.52 29.40 NOTE
r-devel-linux-x86_64-debian-gcc 0.1.0 1.62 21.90 23.52 NOTE
r-devel-linux-x86_64-fedora-clang 0.1.0 44.75 NOTE
r-devel-linux-x86_64-fedora-gcc 0.1.0 34.30 NOTE
r-devel-windows-x86_64 0.1.0 3.00 45.00 48.00 NOTE
r-devel-windows-x86_64-gcc10-UCRT 0.1.0 NOTE
r-patched-linux-x86_64 0.1.0 2.11 27.64 29.75 NOTE
r-patched-solaris-x86 0.1.0 55.80 NOTE
r-release-linux-x86_64 0.1.0 1.73 26.65 28.38 NOTE
r-release-macos-arm64 0.1.0 NOTE
r-release-macos-x86_64 0.1.0 NOTE
r-release-windows-ix86+x86_64 0.1.0 5.00 45.00 50.00 NOTE
r-oldrel-macos-x86_64 0.1.0 OK
r-oldrel-windows-ix86+x86_64 0.1.0 31.00 53.00 84.00 OK

Check Details

Version: 0.1.0
Check: LazyData
Result: NOTE
     'LazyData' is specified without a 'data' directory
Flavors: r-devel-linux-x86_64-debian-clang, r-devel-linux-x86_64-debian-gcc, r-devel-linux-x86_64-fedora-clang, r-devel-linux-x86_64-fedora-gcc, r-devel-windows-x86_64, r-devel-windows-x86_64-gcc10-UCRT, r-patched-linux-x86_64, r-patched-solaris-x86, r-release-linux-x86_64, r-release-macos-arm64, r-release-macos-x86_64, r-release-windows-ix86+x86_64