CRAN Package Check Results for Package repurrrsive

Last updated on 2021-06-14 07:48:48 CEST.

Flavor Version Tinstall Tcheck Ttotal Status Flags
r-devel-linux-x86_64-debian-clang 1.0.0 3.54 42.70 46.24 OK
r-devel-linux-x86_64-debian-gcc 1.0.0 2.80 32.74 35.54 OK
r-devel-linux-x86_64-fedora-clang 1.0.0 63.87 NOTE
r-devel-linux-x86_64-fedora-gcc 1.0.0 53.15 NOTE
r-devel-windows-x86_64 1.0.0 8.00 61.00 69.00 OK
r-devel-windows-x86_64-gcc10-UCRT 1.0.0 NOTE
r-patched-linux-x86_64 1.0.0 4.01 40.73 44.74 OK
r-patched-solaris-x86 1.0.0 81.70 NOTE
r-release-linux-x86_64 1.0.0 3.29 41.06 44.35 OK
r-release-macos-arm64 1.0.0 NOTE
r-release-macos-x86_64 1.0.0 NOTE
r-release-windows-ix86+x86_64 1.0.0 8.00 64.00 72.00 OK
r-oldrel-macos-x86_64 1.0.0 NOTE
r-oldrel-windows-ix86+x86_64 1.0.0 26.00 62.00 88.00 OK

Check Details

Version: 1.0.0
Check: data for non-ASCII characters
Result: NOTE
     Note: found 25 marked UTF-8 strings
Flavors: r-devel-linux-x86_64-fedora-clang, r-devel-linux-x86_64-fedora-gcc, r-devel-windows-x86_64-gcc10-UCRT, r-patched-solaris-x86, r-release-macos-arm64, r-release-macos-x86_64, r-oldrel-macos-x86_64