CRAN Package Check Results for Package reporter

Last updated on 2021-06-19 07:49:03 CEST.

Flavor Version Tinstall Tcheck Ttotal Status Flags
r-devel-linux-x86_64-debian-clang 1.1.2 7.77 182.54 190.31 NOTE
r-devel-linux-x86_64-debian-gcc 1.1.2 6.70 132.92 139.62 NOTE
r-devel-linux-x86_64-fedora-clang 1.1.2 222.18 NOTE
r-devel-linux-x86_64-fedora-gcc 1.1.2 230.42 NOTE
r-devel-windows-x86_64 1.1.2 13.00 300.00 313.00 NOTE
r-devel-windows-x86_64-gcc10-UCRT 1.1.2 NOTE
r-patched-linux-x86_64 1.1.2 10.12 172.14 182.26 NOTE
r-patched-solaris-x86 1.1.2 214.60 NOTE
r-release-linux-x86_64 1.1.2 7.69 171.31 179.00 NOTE
r-release-macos-arm64 1.1.2 NOTE
r-release-macos-x86_64 1.1.2 NOTE
r-release-windows-ix86+x86_64 1.1.2 17.00 293.00 310.00 NOTE
r-oldrel-macos-x86_64 1.1.2 OK
r-oldrel-windows-ix86+x86_64 1.1.2 12.00 317.00 329.00 OK

Check Details

Version: 1.1.2
Check: LazyData
Result: NOTE
     'LazyData' is specified without a 'data' directory
Flavors: r-devel-linux-x86_64-debian-clang, r-devel-linux-x86_64-debian-gcc, r-devel-linux-x86_64-fedora-clang, r-devel-linux-x86_64-fedora-gcc, r-devel-windows-x86_64, r-devel-windows-x86_64-gcc10-UCRT, r-patched-linux-x86_64, r-patched-solaris-x86, r-release-linux-x86_64, r-release-macos-arm64, r-release-macos-x86_64, r-release-windows-ix86+x86_64