CRAN Package Check Results for Package remote

Last updated on 2022-01-24 08:52:56 CET.

Flavor Version Tinstall Tcheck Ttotal Status Flags
r-devel-linux-x86_64-debian-clang 1.2.1 51.65 277.04 328.69 NOTE
r-devel-linux-x86_64-debian-gcc 1.2.1 40.22 209.76 249.98 NOTE
r-devel-linux-x86_64-fedora-clang 1.2.1 398.74 NOTE
r-devel-linux-x86_64-fedora-gcc 1.2.1 380.48 NOTE
r-devel-windows-x86_64-new-UL 1.2.1 71.00 284.00 355.00 OK
r-devel-windows-x86_64-new-TK 1.2.1 OK
r-patched-linux-x86_64 1.2.1 45.96 271.88 317.84 NOTE
r-release-linux-x86_64 1.2.1 44.42 268.58 313.00 NOTE
r-release-macos-arm64 1.2.1 OK
r-release-macos-x86_64 1.2.1 OK
r-release-windows-ix86+x86_64 1.2.1 117.00 434.00 551.00 OK
r-oldrel-macos-x86_64 1.2.1 OK
r-oldrel-windows-ix86+x86_64 1.2.1 121.00 447.00 568.00 OK

Check Details

Version: 1.2.1
Check: for non-standard things in the check directory
Result: NOTE
    Found the following files/directories:
     'vdendool_mode_01_int_predictor.grd'
     'vdendool_mode_01_int_predictor.gri'
     'vdendool_mode_01_int_response.grd'
     'vdendool_mode_01_int_response.gri'
     'vdendool_mode_01_p_predictor.grd' 'vdendool_mode_01_p_predictor.gri'
     'vdendool_mode_01_p_response.grd' 'vdendool_mode_01_p_response.gri'
     'vdendool_mode_01_r_predictor.grd' 'vdendool_mode_01_r_predictor.gri'
     'vdendool_mode_01_r_response.grd' 'vdendool_mode_01_r_response.gri'
     'vdendool_mode_01_resid_predictor.grd'
     'vdendool_mode_01_resid_predictor.gri'
     'vdendool_mode_01_resid_response.grd'
     'vdendool_mode_01_resid_response.gri'
     'vdendool_mode_01_rsq_predictor.grd'
     'vdendool_mode_01_rsq_predictor.gri'
     'vdendool_mode_01_rsq_response.grd'
     'vdendool_mode_01_rsq_response.gri'
     'vdendool_mode_01_rsq_sums_predictor.grd'
     'vdendool_mode_01_rsq_sums_predictor.gri'
     'vdendool_mode_01_slp_predictor.grd'
     'vdendool_mode_01_slp_predictor.gri'
     'vdendool_mode_01_slp_response.grd'
     'vdendool_mode_01_slp_response.gri'
     'vdendool_mode_02_int_predictor.grd'
     'vdendool_mode_02_int_predictor.gri'
     'vdendool_mode_02_int_response.grd'
     'vdendool_mode_02_int_response.gri'
     'vdendool_mode_02_p_predictor.grd' 'vdendool_mode_02_p_predictor.gri'
     'vdendool_mode_02_p_response.grd' 'vdendool_mode_02_p_response.gri'
     'vdendool_mode_02_r_predictor.grd' 'vdendool_mode_02_r_predictor.gri'
     'vdendool_mode_02_r_response.grd' 'vdendool_mode_02_r_response.gri'
     'vdendool_mode_02_resid_predictor.grd'
     'vdendool_mode_02_resid_predictor.gri'
     'vdendool_mode_02_resid_response.grd'
     'vdendool_mode_02_resid_response.gri'
     'vdendool_mode_02_rsq_predictor.grd'
     'vdendool_mode_02_rsq_predictor.gri'
     'vdendool_mode_02_rsq_response.grd'
     'vdendool_mode_02_rsq_response.gri'
     'vdendool_mode_02_rsq_sums_predictor.grd'
     'vdendool_mode_02_rsq_sums_predictor.gri'
     'vdendool_mode_02_slp_predictor.grd'
     'vdendool_mode_02_slp_predictor.gri'
     'vdendool_mode_02_slp_response.grd'
     'vdendool_mode_02_slp_response.gri'
Flavors: r-devel-linux-x86_64-debian-clang, r-devel-linux-x86_64-debian-gcc, r-devel-linux-x86_64-fedora-clang, r-devel-linux-x86_64-fedora-gcc, r-patched-linux-x86_64, r-release-linux-x86_64

Version: 1.2.1
Check: compiled code
Result: NOTE
    File ‘remote/libs/remote.so’:
     Found no calls to: ‘R_registerRoutines’, ‘R_useDynamicSymbols’
    
    It is good practice to register native routines and to disable symbol
    search.
    
    See ‘Writing portable packages’ in the ‘Writing R Extensions’ manual.
Flavors: r-devel-linux-x86_64-fedora-clang, r-devel-linux-x86_64-fedora-gcc