CRAN Package Check Results for Package rematch2

Last updated on 2021-08-05 07:49:46 CEST.

Flavor Version Tinstall Tcheck Ttotal Status Flags
r-devel-linux-x86_64-debian-clang 2.1.2 3.47 34.94 38.41 NOTE
r-devel-linux-x86_64-debian-gcc 2.1.2 2.66 26.59 29.25 NOTE
r-devel-linux-x86_64-fedora-clang 2.1.2 54.16 NOTE
r-devel-linux-x86_64-fedora-gcc 2.1.2 42.47 NOTE
r-devel-windows-x86_64 2.1.2 5.00 51.00 56.00 NOTE
r-devel-windows-x86_64-gcc10-UCRT 2.1.2 ERROR
r-patched-linux-x86_64 2.1.2 3.60 32.38 35.98 NOTE
r-patched-solaris-x86 2.1.2 66.40 NOTE
r-release-linux-x86_64 2.1.2 3.39 33.02 36.41 NOTE
r-release-macos-arm64 2.1.2 NOTE
r-release-macos-x86_64 2.1.2 NOTE
r-release-windows-ix86+x86_64 2.1.2 7.00 37.00 44.00 NOTE
r-oldrel-macos-x86_64 2.1.2 OK
r-oldrel-windows-ix86+x86_64 2.1.2 8.00 50.00 58.00 OK

Check Details

Version: 2.1.2
Check: LazyData
Result: NOTE
     'LazyData' is specified without a 'data' directory
Flavors: r-devel-linux-x86_64-debian-clang, r-devel-linux-x86_64-debian-gcc, r-devel-linux-x86_64-fedora-clang, r-devel-linux-x86_64-fedora-gcc, r-devel-windows-x86_64, r-patched-linux-x86_64, r-patched-solaris-x86, r-release-linux-x86_64, r-release-macos-arm64, r-release-macos-x86_64, r-release-windows-ix86+x86_64

Version: 2.1.2
Check: Rd cross-references
Result: NOTE
    Undeclared package ‘magrittr’ in Rd xrefs
Flavor: r-devel-linux-x86_64-fedora-clang

Version: 2.1.2
Check: package dependencies
Result: ERROR
    Package required but not available: 'tibble'
    
    Package suggested but not available for checking: 'testthat'
    
    See section 'The DESCRIPTION file' in the 'Writing R Extensions'
    manual.
Flavor: r-devel-windows-x86_64-gcc10-UCRT