CRAN Package Check Results for Package rematch

Last updated on 2021-09-24 07:49:29 CEST.

Flavor Version Tinstall Tcheck Ttotal Status Flags
r-devel-linux-x86_64-debian-clang 1.0.1 1.47 20.95 22.42 NOTE
r-devel-linux-x86_64-debian-gcc 1.0.1 1.23 16.82 18.05 NOTE
r-devel-linux-x86_64-fedora-clang 1.0.1 36.65 NOTE
r-devel-linux-x86_64-fedora-gcc 1.0.1 26.48 NOTE
r-devel-windows-x86_64 1.0.1 4.00 26.00 30.00 NOTE
r-devel-windows-x86_64-gcc10-UCRT 1.0.1 NOTE
r-patched-linux-x86_64 1.0.1 1.56 20.62 22.18 NOTE
r-patched-solaris-x86 1.0.1 43.40 NOTE
r-release-linux-x86_64 1.0.1 1.63 20.76 22.39 NOTE
r-release-macos-arm64 1.0.1 NOTE
r-release-macos-x86_64 1.0.1 NOTE
r-release-windows-ix86+x86_64 1.0.1 4.00 25.00 29.00 NOTE
r-oldrel-macos-x86_64 1.0.1 OK
r-oldrel-windows-ix86+x86_64 1.0.1 18.00 29.00 47.00 OK

Check Details

Version: 1.0.1
Check: LazyData
Result: NOTE
     'LazyData' is specified without a 'data' directory
Flavors: r-devel-linux-x86_64-debian-clang, r-devel-linux-x86_64-debian-gcc, r-devel-linux-x86_64-fedora-clang, r-devel-linux-x86_64-fedora-gcc, r-devel-windows-x86_64, r-devel-windows-x86_64-gcc10-UCRT, r-patched-linux-x86_64, r-patched-solaris-x86, r-release-linux-x86_64, r-release-macos-arm64, r-release-macos-x86_64, r-release-windows-ix86+x86_64