CRAN Package Check Results for Package registr

Last updated on 2021-06-19 07:49:03 CEST.

Flavor Version Tinstall Tcheck Ttotal Status Flags
r-devel-linux-x86_64-debian-clang 1.0.0 61.90 184.57 246.47 OK
r-devel-linux-x86_64-debian-gcc 1.0.0 41.73 134.40 176.13 OK
r-devel-linux-x86_64-fedora-clang 1.0.0 313.14 NOTE
r-devel-linux-x86_64-fedora-gcc 1.0.0 289.25 NOTE
r-devel-windows-x86_64 1.0.0 80.00 230.00 310.00 OK
r-devel-windows-x86_64-gcc10-UCRT 1.0.0 NOTE
r-patched-linux-x86_64 1.0.0 48.91 170.36 219.27 OK
r-patched-solaris-x86 1.0.0 367.80 NOTE
r-release-linux-x86_64 1.0.0 48.95 171.54 220.49 OK
r-release-macos-arm64 1.0.0 NOTE
r-release-macos-x86_64 1.0.0 NOTE
r-release-windows-ix86+x86_64 1.0.0 149.00 332.00 481.00 OK
r-oldrel-macos-x86_64 1.0.0 NOTE
r-oldrel-windows-ix86+x86_64 1.0.0 111.00 342.00 453.00 OK

Check Details

Version: 1.0.0
Check: dependencies in R code
Result: NOTE
    Namespaces in Imports field not imported from:
     ‘ggplot2’ ‘gridExtra’
     All declared Imports should be used.
Flavors: r-devel-linux-x86_64-fedora-clang, r-devel-linux-x86_64-fedora-gcc, r-devel-windows-x86_64-gcc10-UCRT, r-patched-solaris-x86, r-release-macos-arm64, r-release-macos-x86_64, r-oldrel-macos-x86_64