CRAN Package Check Results for Package regions

Last updated on 2021-06-24 07:50:24 CEST.

Flavor Version Tinstall Tcheck Ttotal Status Flags
r-devel-linux-x86_64-debian-clang 0.1.8 9.84 88.21 98.05 OK
r-devel-linux-x86_64-debian-gcc 0.1.8 8.46 68.62 77.08 OK
r-devel-linux-x86_64-fedora-clang 0.1.8 76.55 NOTE
r-devel-linux-x86_64-fedora-gcc 0.1.8 64.11 NOTE
r-devel-windows-x86_64 0.1.8 18.00 123.00 141.00 OK
r-devel-windows-x86_64-gcc10-UCRT 0.1.8 WARN
r-patched-linux-x86_64 0.1.7 9.07 389.62 398.69 OK
r-patched-solaris-x86 0.1.8 166.30 NOTE
r-release-linux-x86_64 0.1.8 9.07 84.47 93.54 OK
r-release-macos-arm64 0.1.7 NOTE
r-release-macos-x86_64 0.1.8 NOTE
r-release-windows-ix86+x86_64 0.1.7 16.00 475.00 491.00 OK
r-oldrel-macos-x86_64 0.1.8 NOTE
r-oldrel-windows-ix86+x86_64 0.1.8 21.00 118.00 139.00 OK

Check Details

Version: 0.1.8
Check: data for non-ASCII characters
Result: NOTE
     Note: found 2 marked Latin-1 strings
     Note: found 50022 marked UTF-8 strings
Flavors: r-devel-linux-x86_64-fedora-clang, r-devel-linux-x86_64-fedora-gcc, r-devel-windows-x86_64-gcc10-UCRT, r-patched-solaris-x86, r-release-macos-x86_64, r-oldrel-macos-x86_64

Version: 0.1.8
Check: package dependencies
Result: NOTE
    Packages suggested but not available for checking:
     'covr', 'devtools', 'eurostat'
Flavor: r-devel-windows-x86_64-gcc10-UCRT

Version: 0.1.8
Check: re-building of vignette outputs
Result: WARN
    Error(s) in re-building vignettes:
    --- re-building 'Regional_stats.Rmd' using rmarkdown
    Quitting from lines 18-20 (Regional_stats.Rmd)
    Error: processing vignette 'Regional_stats.Rmd' failed with diagnostics:
    there is no package called 'devtools'
    --- failed re-building 'Regional_stats.Rmd'
    
    --- re-building 'mapping.Rmd' using rmarkdown
    Quitting from lines 25-28 (mapping.Rmd)
    Error: processing vignette 'mapping.Rmd' failed with diagnostics:
    there is no package called 'eurostat'
    --- failed re-building 'mapping.Rmd'
    
    --- re-building 'recode.Rmd' using rmarkdown
    
    Attaching package: 'dplyr'
    
    The following objects are masked from 'package:stats':
    
     filter, lag
    
    The following objects are masked from 'package:base':
    
     intersect, setdiff, setequal, union
    
    --- finished re-building 'recode.Rmd'
    
    --- re-building 'validation.Rmd' using rmarkdown
    
    Attaching package: 'dplyr'
    
    The following objects are masked from 'package:stats':
    
     filter, lag
    
    The following objects are masked from 'package:base':
    
     intersect, setdiff, setequal, union
    
    --- finished re-building 'validation.Rmd'
    
    SUMMARY: processing the following files failed:
     'Regional_stats.Rmd' 'mapping.Rmd'
    
    Error: Vignette re-building failed.
    Execution halted
Flavor: r-devel-windows-x86_64-gcc10-UCRT

Version: 0.1.7
Check: dependencies in R code
Result: NOTE
    Namespace in Imports field not imported from: ‘here’
     All declared Imports should be used.
Flavor: r-release-macos-arm64

Version: 0.1.7
Check: data for non-ASCII characters
Result: NOTE
     Note: found 2 marked Latin-1 strings
     Note: found 50022 marked UTF-8 strings
Flavor: r-release-macos-arm64