CRAN Package Check Results for Package redcapAPI

Last updated on 2021-09-21 07:50:30 CEST.

Flavor Version Tinstall Tcheck Ttotal Status Flags
r-devel-linux-x86_64-debian-clang 2.3 4.97 37.33 42.30 OK
r-devel-linux-x86_64-debian-gcc 2.3 3.97 27.98 31.95 OK
r-devel-linux-x86_64-fedora-clang 2.3 59.09 NOTE
r-devel-linux-x86_64-fedora-gcc 2.3 48.80 NOTE
r-devel-windows-x86_64 2.3 7.00 40.00 47.00 OK
r-devel-windows-x86_64-gcc10-UCRT 2.3 ERROR
r-patched-linux-x86_64 2.3 6.68 35.42 42.10 OK
r-patched-solaris-x86 2.3 65.10 NOTE
r-release-linux-x86_64 2.3 3.93 35.99 39.92 OK
r-release-macos-arm64 2.3 NOTE
r-release-macos-x86_64 2.3 NOTE
r-release-windows-ix86+x86_64 2.3 10.00 37.00 47.00 OK
r-oldrel-macos-x86_64 2.3 NOTE
r-oldrel-windows-ix86+x86_64 2.3 10.00 41.00 51.00 OK

Check Details

Version: 2.3
Check: dependencies in R code
Result: NOTE
    Namespaces in Imports field not imported from:
     ‘DBI’ ‘readr’
     All declared Imports should be used.
Flavors: r-devel-linux-x86_64-fedora-clang, r-devel-linux-x86_64-fedora-gcc, r-devel-windows-x86_64-gcc10-UCRT, r-patched-solaris-x86, r-release-macos-arm64, r-release-macos-x86_64, r-oldrel-macos-x86_64

Version: 2.3
Check: whether package can be installed
Result: WARN
    Found the following significant warnings:
     WARNING: installation-time patches will not be applied, could not get the patches index
Flavor: r-devel-windows-x86_64-gcc10-UCRT

Version: 2.3
Check: PDF version of manual
Result: WARN
    LaTeX errors when creating PDF version.
    This typically indicates Rd problems.
Flavor: r-devel-windows-x86_64-gcc10-UCRT

Version: 2.3
Check: PDF version of manual without hyperrefs or index
Result: ERROR
    Re-running with no redirection of stdout/stderr.
Flavor: r-devel-windows-x86_64-gcc10-UCRT