CRAN Package Check Results for Package redcapAPI

Last updated on 2021-06-14 07:48:48 CEST.

Flavor Version Tinstall Tcheck Ttotal Status Flags
r-devel-linux-x86_64-debian-clang 2.3 5.39 36.46 41.85 OK
r-devel-linux-x86_64-debian-gcc 2.3 4.02 28.38 32.40 OK
r-devel-linux-x86_64-fedora-clang 2.3 59.28 NOTE
r-devel-linux-x86_64-fedora-gcc 2.3 48.31 NOTE
r-devel-windows-x86_64 2.3 10.00 52.00 62.00 OK
r-devel-windows-x86_64-gcc10-UCRT 2.3 NOTE
r-patched-linux-x86_64 2.3 5.98 35.39 41.37 OK
r-patched-solaris-x86 2.3 64.00 NOTE
r-release-linux-x86_64 2.3 5.44 35.45 40.89 OK
r-release-macos-arm64 2.3 NOTE
r-release-macos-x86_64 2.3 NOTE
r-release-windows-ix86+x86_64 2.3 10.00 54.00 64.00 OK
r-oldrel-macos-x86_64 2.3 NOTE
r-oldrel-windows-ix86+x86_64 2.3 12.00 51.00 63.00 OK

Check Details

Version: 2.3
Check: dependencies in R code
Result: NOTE
    Namespaces in Imports field not imported from:
     ‘DBI’ ‘readr’
     All declared Imports should be used.
Flavors: r-devel-linux-x86_64-fedora-clang, r-devel-linux-x86_64-fedora-gcc, r-devel-windows-x86_64-gcc10-UCRT, r-patched-solaris-x86, r-release-macos-arm64, r-release-macos-x86_64, r-oldrel-macos-x86_64