CRAN Package Check Results for Package recipes

Last updated on 2021-06-17 08:50:27 CEST.

Flavor Version Tinstall Tcheck Ttotal Status Flags
r-devel-linux-x86_64-debian-clang 0.1.16 23.63 317.07 340.70 OK
r-devel-linux-x86_64-debian-gcc 0.1.16 18.84 235.82 254.66 OK
r-devel-linux-x86_64-fedora-clang 0.1.16 397.06 NOTE
r-devel-linux-x86_64-fedora-gcc 0.1.16 396.97 OK
r-devel-windows-x86_64 0.1.16 35.00 379.00 414.00 OK
r-devel-windows-x86_64-gcc10-UCRT 0.1.16 OK
r-patched-linux-x86_64 0.1.16 30.27 297.04 327.31 OK
r-patched-solaris-x86 0.1.16 494.80 OK
r-release-linux-x86_64 0.1.16 19.67 295.50 315.17 OK
r-release-macos-arm64 0.1.16 OK
r-release-macos-x86_64 0.1.16 OK
r-release-windows-ix86+x86_64 0.1.16 42.00 377.00 419.00 OK
r-oldrel-macos-x86_64 0.1.16 OK
r-oldrel-windows-ix86+x86_64 0.1.16 27.00 397.00 424.00 OK

Check Details

Version: 0.1.16
Check: Rd cross-references
Result: NOTE
    Undeclared packages ‘workflows’, ‘hardhat’ in Rd xrefs
Flavor: r-devel-linux-x86_64-fedora-clang