CRAN Package Check Results for Package readtext

Last updated on 2021-05-12 07:48:37 CEST.

Flavor Version Tinstall Tcheck Ttotal Status Flags
r-devel-linux-x86_64-debian-clang 0.80 5.74 62.64 68.38 OK
r-devel-linux-x86_64-debian-gcc 0.80 4.66 47.46 52.12 OK
r-devel-linux-x86_64-fedora-clang 0.80 90.49 NOTE
r-devel-linux-x86_64-fedora-gcc 0.80 79.59 NOTE
r-devel-windows-ix86+x86_64 0.80 17.00 95.00 112.00 OK
r-devel-windows-x86_64-gcc10-UCRT 0.80 NOTE
r-patched-linux-x86_64 0.80 9.94 60.44 70.38 OK
r-patched-solaris-x86 0.80 133.70 WARN
r-release-linux-x86_64 0.80 4.19 60.09 64.28 OK
r-release-macos-x86_64 0.80 NOTE
r-release-windows-ix86+x86_64 0.80 9.00 80.00 89.00 OK
r-oldrel-macos-x86_64 0.80 NOTE
r-oldrel-windows-ix86+x86_64 0.80 9.00 84.00 93.00 OK

Additional issues

donttest

Check Details

Version: 0.80
Check: data for non-ASCII characters
Result: NOTE
     Note: found 1 marked Latin-1 string
     Note: found 1 marked UTF-8 string
     Note: found 7 strings marked as "bytes"
Flavors: r-devel-linux-x86_64-fedora-clang, r-devel-linux-x86_64-fedora-gcc, r-devel-windows-x86_64-gcc10-UCRT, r-patched-solaris-x86, r-release-macos-x86_64, r-oldrel-macos-x86_64

Version: 0.80
Check: re-building of vignette outputs
Result: WARN
    Error(s) in re-building vignettes:
     ...
    --- re-building ‘readtext_vignette.Rmd’ using rmarkdown
    Warning in engine$weave(file, quiet = quiet, encoding = enc) :
     Pandoc (>= 1.12.3) not available. Falling back to R Markdown v1.
    Loading required package: quanteda
    Package version: 3.0.0
    Unicode version: 7.0
    ICU version: 55.1
    Parallel computing: 16 of 16 threads used.
    See https://quanteda.io for tutorials and examples.
    Quitting from lines 146-152 (readtext_vignette.Rmd)
    Error: processing vignette 'readtext_vignette.Rmd' failed with diagnostics:
    error in evaluating the argument 'x' in selecting a method for function 'as.list': error in evaluating the argument 'x' in selecting a method for function 'which': Illegal argument. (U_ILLEGAL_ARGUMENT_ERROR, context=`^\p{emoji_presentation}+$`)
    --- failed re-building ‘readtext_vignette.Rmd’
    
    SUMMARY: processing the following file failed:
     ‘readtext_vignette.Rmd’
    
    Error: Vignette re-building failed.
    Execution halted
Flavor: r-patched-solaris-x86