Last updated on 2022-05-16 08:50:17 CEST.
Flavor | Version | Tinstall | Tcheck | Ttotal | Status | Flags |
---|---|---|---|---|---|---|
r-devel-linux-x86_64-debian-clang | 2.8.1 | 3.50 | 42.86 | 46.36 | OK | |
r-devel-linux-x86_64-debian-gcc | 2.8.1 | 3.08 | 33.64 | 36.72 | OK | |
r-devel-linux-x86_64-fedora-clang | 2.8.1 | 56.47 | NOTE | |||
r-devel-linux-x86_64-fedora-gcc | 2.8.1 | 55.16 | OK | |||
r-devel-windows-x86_64 | 2.8.1 | 29.00 | 65.00 | 94.00 | OK | |
r-patched-linux-x86_64 | 2.8.1 | 3.48 | 42.45 | 45.93 | OK | |
r-release-linux-x86_64 | 2.8.1 | 3.07 | 42.11 | 45.18 | OK | |
r-release-macos-arm64 | 2.8.1 | 17.00 | OK | |||
r-release-macos-x86_64 | 2.8.1 | 26.00 | OK | |||
r-release-windows-x86_64 | 2.8.1 | 40.00 | 72.00 | 112.00 | OK | |
r-oldrel-macos-arm64 | 2.8.1 | 22.00 | OK | |||
r-oldrel-macos-x86_64 | 2.8.1 | 33.00 | OK | |||
r-oldrel-windows-ix86+x86_64 | 2.8.1 | 9.00 | 52.00 | 61.00 | OK |
Version: 2.8.1
Check: Rd cross-references
Result: NOTE
Undeclared package ‘MALDIquantForeign’ in Rd xrefs
Flavor: r-devel-linux-x86_64-fedora-clang