CRAN Package Check Results for Package readBrukerFlexData

Last updated on 2022-05-16 08:50:17 CEST.

Flavor Version Tinstall Tcheck Ttotal Status Flags
r-devel-linux-x86_64-debian-clang 1.8.5 2.30 32.65 34.95 OK
r-devel-linux-x86_64-debian-gcc 1.8.5 1.89 25.42 27.31 OK
r-devel-linux-x86_64-fedora-clang 1.8.5 43.37 NOTE
r-devel-linux-x86_64-fedora-gcc 1.8.5 42.01 OK
r-devel-windows-x86_64 1.8.5 66.00 47.00 113.00 OK
r-patched-linux-x86_64 1.8.5 2.21 32.23 34.44 OK
r-release-linux-x86_64 1.8.5 2.43 31.74 34.17 OK
r-release-macos-arm64 1.8.5 16.00 OK
r-release-macos-x86_64 1.8.5 21.00 OK
r-release-windows-x86_64 1.8.5 8.00 46.00 54.00 OK
r-oldrel-macos-arm64 1.8.5 16.00 OK
r-oldrel-macos-x86_64 1.8.5 29.00 OK
r-oldrel-windows-ix86+x86_64 1.8.5 6.00 27.00 33.00 OK

Check Details

Version: 1.8.5
Check: Rd cross-references
Result: NOTE
    Undeclared packages ‘readMzXmlData’, ‘MALDIquantForeign’ in Rd xrefs
Flavor: r-devel-linux-x86_64-fedora-clang