CRAN Package Check Results for Package read.gt3x

Last updated on 2021-07-27 07:50:39 CEST.

Flavor Version Tinstall Tcheck Ttotal Status Flags
r-devel-linux-x86_64-debian-clang 1.0.2 32.90 75.50 108.40 NOTE
r-devel-linux-x86_64-debian-gcc 1.0.2 19.44 59.27 78.71 NOTE
r-devel-linux-x86_64-fedora-clang 1.0.2 148.43 NOTE
r-devel-linux-x86_64-fedora-gcc 1.0.2 126.65 NOTE
r-devel-windows-x86_64 1.0.2 39.00 185.00 224.00 NOTE
r-devel-windows-x86_64-gcc10-UCRT 1.0.2 NOTE
r-patched-linux-x86_64 1.0.2 24.22 73.01 97.23 NOTE
r-patched-solaris-x86 1.0.2 204.90 NOTE
r-release-linux-x86_64 1.0.2 24.28 73.68 97.96 NOTE
r-release-macos-arm64 1.0.2 NOTE
r-release-macos-x86_64 1.0.2 NOTE
r-release-windows-ix86+x86_64 1.0.2 71.00 230.00 301.00 NOTE
r-oldrel-macos-x86_64 1.0.2 OK
r-oldrel-windows-ix86+x86_64 1.0.2 57.00 214.00 271.00 OK

Check Details

Version: 1.0.2
Check: LazyData
Result: NOTE
     'LazyData' is specified without a 'data' directory
Flavors: r-devel-linux-x86_64-debian-clang, r-devel-linux-x86_64-debian-gcc, r-devel-linux-x86_64-fedora-clang, r-devel-linux-x86_64-fedora-gcc, r-devel-windows-x86_64, r-devel-windows-x86_64-gcc10-UCRT, r-patched-linux-x86_64, r-patched-solaris-x86, r-release-linux-x86_64, r-release-macos-arm64, r-release-macos-x86_64, r-release-windows-ix86+x86_64