CRAN Package Check Results for Package rdryad

Last updated on 2021-09-20 07:50:56 CEST.

Flavor Version Tinstall Tcheck Ttotal Status Flags
r-devel-linux-x86_64-debian-clang 1.0.0 3.46 37.31 40.77 OK
r-devel-linux-x86_64-debian-gcc 1.0.0 2.88 28.73 31.61 OK
r-devel-linux-x86_64-fedora-clang 1.0.0 56.53 OK
r-devel-linux-x86_64-fedora-gcc 1.0.0 46.41 OK
r-devel-windows-x86_64 1.0.0 6.00 44.00 50.00 OK
r-devel-windows-x86_64-gcc10-UCRT 1.0.0 ERROR
r-patched-linux-x86_64 1.0.0 4.13 35.36 39.49 OK
r-patched-solaris-x86 1.0.0 75.00 OK
r-release-linux-x86_64 1.0.0 3.60 35.19 38.79 OK
r-release-macos-arm64 1.0.0 OK
r-release-macos-x86_64 1.0.0 OK
r-release-windows-ix86+x86_64 1.0.0 9.00 45.00 54.00 OK
r-oldrel-macos-x86_64 1.0.0 OK
r-oldrel-windows-ix86+x86_64 1.0.0 10.00 41.00 51.00 OK

Check Details

Version: 1.0.0
Check: whether package can be installed
Result: WARN
    Found the following significant warnings:
     WARNING: installation-time patches will not be applied, could not get the patches index
Flavor: r-devel-windows-x86_64-gcc10-UCRT

Version: 1.0.0
Check: PDF version of manual
Result: WARN
    LaTeX errors when creating PDF version.
    This typically indicates Rd problems.
Flavor: r-devel-windows-x86_64-gcc10-UCRT

Version: 1.0.0
Check: PDF version of manual without hyperrefs or index
Result: ERROR
    Re-running with no redirection of stdout/stderr.
Flavor: r-devel-windows-x86_64-gcc10-UCRT