CRAN Package Check Results for Package rdomains

Last updated on 2021-05-12 07:48:37 CEST.

Flavor Version Tinstall Tcheck Ttotal Status Flags
r-devel-linux-x86_64-debian-clang 0.1.9 13.10 166.12 179.22 NOTE
r-devel-linux-x86_64-debian-gcc 0.1.9 10.55 123.47 134.02 NOTE
r-devel-linux-x86_64-fedora-clang 0.1.9 226.85 NOTE
r-devel-linux-x86_64-fedora-gcc 0.1.9 213.22 NOTE
r-devel-windows-ix86+x86_64 0.1.9 38.00 230.00 268.00 NOTE
r-devel-windows-x86_64-gcc10-UCRT 0.1.9 NOTE
r-patched-linux-x86_64 0.1.9 12.63 156.15 168.78 NOTE
r-patched-solaris-x86 0.1.9 319.50 NOTE
r-release-linux-x86_64 0.1.9 13.89 151.04 164.93 OK
r-release-macos-x86_64 0.1.9 NOTE
r-release-windows-ix86+x86_64 0.1.9 28.00 178.00 206.00 OK
r-oldrel-macos-x86_64 0.1.9 NOTE
r-oldrel-windows-ix86+x86_64 0.1.9 30.00 267.00 297.00 OK

Check Details

Version: 0.1.9
Check: LazyData
Result: NOTE
     'LazyData' is specified without a 'data' directory
Flavors: r-devel-linux-x86_64-debian-clang, r-devel-linux-x86_64-debian-gcc, r-devel-linux-x86_64-fedora-clang, r-devel-linux-x86_64-fedora-gcc, r-devel-windows-ix86+x86_64, r-devel-windows-x86_64-gcc10-UCRT, r-patched-linux-x86_64, r-patched-solaris-x86

Version: 0.1.9
Check: dependencies in R code
Result: NOTE
    Namespace in Imports field not imported from: ‘rlang’
     All declared Imports should be used.
Flavors: r-devel-linux-x86_64-fedora-clang, r-devel-linux-x86_64-fedora-gcc, r-devel-windows-x86_64-gcc10-UCRT, r-patched-solaris-x86, r-release-macos-x86_64, r-oldrel-macos-x86_64