CRAN Package Check Results for Package rdfp

Last updated on 2021-07-31 07:50:55 CEST.

Flavor Version Tinstall Tcheck Ttotal Status Flags
r-devel-linux-x86_64-debian-clang 0.1.4 10.59 101.60 112.19 NOTE
r-devel-linux-x86_64-debian-gcc 0.1.4 9.54 75.24 84.78 NOTE
r-devel-linux-x86_64-fedora-clang 0.1.4 147.63 NOTE
r-devel-linux-x86_64-fedora-gcc 0.1.4 131.53 NOTE
r-devel-windows-x86_64 0.1.4 18.00 150.00 168.00 NOTE
r-devel-windows-x86_64-gcc10-UCRT 0.1.4 NOTE
r-patched-linux-x86_64 0.1.4 NOTE
r-patched-solaris-x86 0.1.4 175.10 NOTE
r-release-linux-x86_64 0.1.4 10.53 95.09 105.62 NOTE
r-release-macos-arm64 0.1.4 NOTE
r-release-macos-x86_64 0.1.4 NOTE
r-release-windows-ix86+x86_64 0.1.4 25.00 143.00 168.00 NOTE
r-oldrel-macos-x86_64 0.1.4 OK
r-oldrel-windows-ix86+x86_64 0.1.4 18.00 142.00 160.00 OK

Check Details

Version: 0.1.4
Check: LazyData
Result: NOTE
     'LazyData' is specified without a 'data' directory
Flavors: r-devel-linux-x86_64-debian-clang, r-devel-linux-x86_64-debian-gcc, r-devel-linux-x86_64-fedora-clang, r-devel-linux-x86_64-fedora-gcc, r-devel-windows-x86_64, r-devel-windows-x86_64-gcc10-UCRT, r-patched-linux-x86_64, r-patched-solaris-x86, r-release-linux-x86_64, r-release-macos-arm64, r-release-macos-x86_64, r-release-windows-ix86+x86_64