CRAN Package Check Results for Package rcosmo

Last updated on 2021-10-24 07:57:30 CEST.

Flavor Version Tinstall Tcheck Ttotal Status Flags
r-devel-linux-x86_64-debian-clang 1.1.2 43.93 110.66 154.59 NOTE
r-devel-linux-x86_64-debian-gcc 1.1.2 36.39 82.37 118.76 NOTE
r-devel-linux-x86_64-fedora-clang 1.1.2 221.13 NOTE
r-devel-linux-x86_64-fedora-gcc 1.1.2 218.89 NOTE
r-devel-windows-x86_64 1.1.2 61.00 107.00 168.00 NOTE
r-devel-windows-x86_64-gcc10-UCRT 1.1.2 NOTE
r-patched-linux-x86_64 1.1.2 51.83 107.16 158.99 NOTE
r-patched-solaris-x86 1.1.2 229.40 NOTE
r-release-linux-x86_64 1.1.2 42.33 108.02 150.35 NOTE
r-release-macos-arm64 1.1.2 NOTE
r-release-macos-x86_64 1.1.2 NOTE
r-release-windows-ix86+x86_64 1.1.2 86.00 182.00 268.00 NOTE
r-oldrel-macos-x86_64 1.1.2 OK
r-oldrel-windows-ix86+x86_64 1.1.2 114.00 193.00 307.00 OK

Additional issues

M1mac

Check Details

Version: 1.1.2
Check: LazyData
Result: NOTE
     'LazyData' is specified without a 'data' directory
Flavors: r-devel-linux-x86_64-debian-clang, r-devel-linux-x86_64-debian-gcc, r-devel-linux-x86_64-fedora-clang, r-devel-linux-x86_64-fedora-gcc, r-devel-windows-x86_64, r-devel-windows-x86_64-gcc10-UCRT, r-patched-linux-x86_64, r-patched-solaris-x86, r-release-linux-x86_64, r-release-macos-arm64, r-release-macos-x86_64, r-release-windows-ix86+x86_64