CRAN Package Check Results for Package rbtc

Last updated on 2021-09-28 07:48:38 CEST.

Flavor Version Tinstall Tcheck Ttotal Status Flags
r-devel-linux-x86_64-debian-clang 0.1-6 5.15 39.57 44.72 NOTE
r-devel-linux-x86_64-debian-gcc 0.1-6 4.93 30.89 35.82 NOTE
r-devel-linux-x86_64-fedora-clang 0.1-6 63.86 NOTE
r-devel-linux-x86_64-fedora-gcc 0.1-6 54.65 NOTE
r-devel-windows-x86_64 0.1-6 11.00 45.00 56.00 NOTE
r-devel-windows-x86_64-gcc10-UCRT 0.1-6 NOTE
r-patched-linux-x86_64 0.1-6 8.95 38.22 47.17 NOTE
r-patched-solaris-x86 0.1-6 76.40 NOTE
r-release-linux-x86_64 0.1-6 4.98 38.10 43.08 NOTE
r-release-macos-arm64 0.1-6 NOTE
r-release-macos-x86_64 0.1-6 NOTE
r-release-windows-ix86+x86_64 0.1-6 15.00 47.00 62.00 NOTE
r-oldrel-macos-x86_64 0.1-6 OK
r-oldrel-windows-ix86+x86_64 0.1-6 11.00 47.00 58.00 OK

Check Details

Version: 0.1-6
Check: LazyData
Result: NOTE
     'LazyData' is specified without a 'data' directory
Flavors: r-devel-linux-x86_64-debian-clang, r-devel-linux-x86_64-debian-gcc, r-devel-linux-x86_64-fedora-clang, r-devel-linux-x86_64-fedora-gcc, r-devel-windows-x86_64, r-devel-windows-x86_64-gcc10-UCRT, r-patched-linux-x86_64, r-patched-solaris-x86, r-release-linux-x86_64, r-release-macos-arm64, r-release-macos-x86_64, r-release-windows-ix86+x86_64