CRAN Package Check Results for Package rayrender

Last updated on 2021-10-24 07:57:30 CEST.

Flavor Version Tinstall Tcheck Ttotal Status Flags
r-devel-linux-x86_64-debian-clang 0.21.2 326.65 82.83 409.48 OK
r-devel-linux-x86_64-debian-gcc 0.21.2 242.46 62.09 304.55 OK
r-devel-linux-x86_64-fedora-clang 0.21.2 640.67 NOTE
r-devel-linux-x86_64-fedora-gcc 0.21.2 587.04 OK
r-devel-windows-x86_64 0.21.2 416.00 104.00 520.00 OK
r-devel-windows-x86_64-gcc10-UCRT 0.21.2 OK
r-patched-linux-x86_64 0.21.2 297.99 71.13 369.12 OK
r-patched-solaris-x86 0.21.2 540.60 OK
r-release-linux-x86_64 0.21.2 295.91 71.22 367.13 OK
r-release-macos-arm64 0.21.2 NOTE
r-release-macos-x86_64 0.21.2 NOTE
r-release-windows-ix86+x86_64 0.21.2 601.00 140.00 741.00 NOTE
r-oldrel-macos-x86_64 0.21.2 NOTE
r-oldrel-windows-ix86+x86_64 0.21.2 821.00 131.00 952.00 NOTE

Check Details

Version: 0.21.2
Check: installed package size
Result: NOTE
     installed size is 13.9Mb
     sub-directories of 1Mb or more:
     libs 13.3Mb
Flavors: r-devel-linux-x86_64-fedora-clang, r-release-macos-arm64, r-release-macos-x86_64, r-release-windows-ix86+x86_64, r-oldrel-macos-x86_64, r-oldrel-windows-ix86+x86_64