CRAN Package Check Results for Package rater

Last updated on 2021-07-30 07:50:25 CEST.

Flavor Version Tinstall Tcheck Ttotal Status Flags
r-devel-linux-x86_64-debian-clang 1.2.0 NOTE
r-devel-linux-x86_64-debian-gcc 1.2.0 400.84 132.70 533.54 NOTE
r-devel-linux-x86_64-fedora-clang 1.2.0 862.92 NOTE
r-devel-linux-x86_64-fedora-gcc 1.2.0 910.06 NOTE
r-devel-windows-x86_64 1.2.0 374.00 241.00 615.00 NOTE
r-devel-windows-x86_64-gcc10-UCRT 1.2.0 NOTE
r-patched-linux-x86_64 1.2.0 NOTE
r-patched-solaris-x86 1.2.0 748.40 NOTE
r-release-linux-x86_64 1.2.0 444.83 163.27 608.10 NOTE
r-release-macos-arm64 1.2.0 WARN
r-release-macos-x86_64 1.2.0 NOTE
r-release-windows-ix86+x86_64 1.2.0 998.00 325.00 1323.00 NOTE
r-oldrel-macos-x86_64 1.2.0 NOTE
r-oldrel-windows-ix86+x86_64 1.2.0 727.00 328.00 1055.00 NOTE

Check Details

Version: 1.2.0
Check: for GNU extensions in Makefiles
Result: NOTE
    GNU make is a SystemRequirements.
Flavors: r-devel-linux-x86_64-debian-clang, r-devel-linux-x86_64-debian-gcc, r-devel-linux-x86_64-fedora-clang, r-devel-linux-x86_64-fedora-gcc, r-devel-windows-x86_64, r-devel-windows-x86_64-gcc10-UCRT, r-patched-linux-x86_64, r-patched-solaris-x86, r-release-linux-x86_64, r-release-macos-arm64, r-release-macos-x86_64, r-release-windows-ix86+x86_64, r-oldrel-macos-x86_64, r-oldrel-windows-ix86+x86_64

Version: 1.2.0
Check: installed package size
Result: NOTE
     installed size is 67.1Mb
     sub-directories of 1Mb or more:
     libs 66.3Mb
Flavors: r-devel-linux-x86_64-fedora-clang, r-release-macos-arm64, r-release-macos-x86_64, r-release-windows-ix86+x86_64, r-oldrel-macos-x86_64, r-oldrel-windows-ix86+x86_64

Version: 1.2.0
Check: line endings in C/C++/Fortran sources/headers
Result: NOTE
    Found the following sources/headers with CR or CRLF line endings:
     src/RcppExports.cpp
    Some Unix compilers require LF line endings.
Flavor: r-devel-windows-x86_64-gcc10-UCRT

Version: 1.2.0
Check: re-building of vignette outputs
Result: WARN
    Error(s) in re-building vignettes:
     ...
    --- re-building ‘data-formats.Rmd’ using rmarkdown
    Warning in engine$weave(file, quiet = quiet, encoding = enc) :
     Pandoc (>= 1.12.3) not available. Falling back to R Markdown v1.
    --- finished re-building ‘data-formats.Rmd’
    
    --- re-building ‘workflow.Rmd’ using rmarkdown
    Warning in engine$weave(file, quiet = quiet, encoding = enc) :
     Pandoc (>= 1.12.3) not available. Falling back to R Markdown v1.
    Quitting from lines 63-64 (workflow.Rmd)
    Error: processing vignette 'workflow.Rmd' failed with diagnostics:
    polygon edge not found
    --- failed re-building ‘workflow.Rmd’
    
    SUMMARY: processing the following file failed:
     ‘workflow.Rmd’
    
    Error: Vignette re-building failed.
    Execution halted
Flavor: r-release-macos-arm64