CRAN Package Check Results for Package randomcoloR

Last updated on 2021-10-24 07:57:29 CEST.

Flavor Version Tinstall Tcheck Ttotal Status Flags
r-devel-linux-x86_64-debian-clang 1.1.0.1 3.25 33.22 36.47 NOTE
r-devel-linux-x86_64-debian-gcc 1.1.0.1 2.66 26.10 28.76 NOTE
r-devel-linux-x86_64-fedora-clang 1.1.0.1 55.70 NOTE
r-devel-linux-x86_64-fedora-gcc 1.1.0.1 45.25 NOTE
r-devel-windows-x86_64 1.1.0.1 7.00 50.00 57.00 NOTE
r-devel-windows-x86_64-gcc10-UCRT 1.1.0.1 NOTE
r-patched-linux-x86_64 1.1.0.1 3.41 32.67 36.08 NOTE
r-patched-solaris-x86 1.1.0.1 76.40 NOTE
r-release-linux-x86_64 1.1.0.1 3.40 32.47 35.87 NOTE
r-release-macos-arm64 1.1.0.1 NOTE
r-release-macos-x86_64 1.1.0.1 NOTE
r-release-windows-ix86+x86_64 1.1.0.1 8.00 66.00 74.00 NOTE
r-oldrel-macos-x86_64 1.1.0.1 OK
r-oldrel-windows-ix86+x86_64 1.1.0.1 16.00 69.00 85.00 OK

Check Details

Version: 1.1.0.1
Check: LazyData
Result: NOTE
     'LazyData' is specified without a 'data' directory
Flavors: r-devel-linux-x86_64-debian-clang, r-devel-linux-x86_64-debian-gcc, r-devel-linux-x86_64-fedora-clang, r-devel-linux-x86_64-fedora-gcc, r-devel-windows-x86_64, r-devel-windows-x86_64-gcc10-UCRT, r-patched-linux-x86_64, r-patched-solaris-x86, r-release-linux-x86_64, r-release-macos-arm64, r-release-macos-x86_64, r-release-windows-ix86+x86_64