CRAN Package Check Results for Package rameritrade

Last updated on 2021-05-08 07:48:18 CEST.

Flavor Version Tinstall Tcheck Ttotal Status Flags
r-devel-linux-x86_64-debian-clang 0.1.5 2.37 24.40 26.77 NOTE
r-devel-linux-x86_64-debian-gcc 0.1.5 2.05 19.14 21.19 NOTE
r-devel-linux-x86_64-fedora-clang 0.1.5 43.29 NOTE
r-devel-linux-x86_64-fedora-gcc 0.1.5 32.64 NOTE
r-devel-windows-ix86+x86_64 0.1.5 16.00 40.00 56.00 NOTE
r-devel-windows-x86_64-gcc10-UCRT 0.1.5 NOTE
r-patched-linux-x86_64 0.1.5 2.67 24.04 26.71 NOTE
r-patched-solaris-x86 0.1.5 49.60 OK
r-release-linux-x86_64 0.1.5 2.58 23.68 26.26 OK
r-release-macos-x86_64 0.1.5 OK
r-release-windows-ix86+x86_64 0.1.5 5.00 30.00 35.00 OK
r-oldrel-macos-x86_64 0.1.5 OK
r-oldrel-windows-ix86+x86_64 0.1.5 6.00 39.00 45.00 OK

Check Details

Version: 0.1.5
Check: LazyData
Result: NOTE
     'LazyData' is specified without a 'data' directory
Flavors: r-devel-linux-x86_64-debian-clang, r-devel-linux-x86_64-debian-gcc, r-devel-linux-x86_64-fedora-clang, r-devel-linux-x86_64-fedora-gcc, r-devel-windows-ix86+x86_64, r-devel-windows-x86_64-gcc10-UCRT, r-patched-linux-x86_64