CRAN Package Check Results for Package radlibs

Last updated on 2021-07-24 07:49:36 CEST.

Flavor Version Tinstall Tcheck Ttotal Status Flags
r-devel-linux-x86_64-debian-clang 0.2.0 2.47 43.34 45.81 OK
r-devel-linux-x86_64-debian-gcc 0.2.0 2.06 29.44 31.50 OK
r-devel-linux-x86_64-fedora-clang 0.2.0 59.54 NOTE
r-devel-linux-x86_64-fedora-gcc 0.2.0 45.86 NOTE
r-devel-windows-x86_64 0.2.0 5.00 44.00 49.00 OK
r-devel-windows-x86_64-gcc10-UCRT 0.2.0 NOTE
r-patched-linux-x86_64 0.2.0 2.74 35.81 38.55 OK
r-patched-solaris-x86 0.2.0 76.70 NOTE
r-release-linux-x86_64 0.2.0 2.68 36.06 38.74 OK
r-release-macos-arm64 0.2.0 NOTE
r-release-macos-x86_64 0.2.0 NOTE
r-release-windows-ix86+x86_64 0.2.0 7.00 41.00 48.00 OK
r-oldrel-macos-x86_64 0.2.0 NOTE
r-oldrel-windows-ix86+x86_64 0.2.0 7.00 56.00 63.00 OK

Check Details

Version: 0.2.0
Check: data for non-ASCII characters
Result: NOTE
     Note: found 3 marked UTF-8 strings
Flavors: r-devel-linux-x86_64-fedora-clang, r-devel-linux-x86_64-fedora-gcc, r-patched-solaris-x86, r-release-macos-arm64, r-release-macos-x86_64, r-oldrel-macos-x86_64

Version: 0.2.0
Check: data for non-ASCII characters
Result: NOTE
     Note: found 3 marked Latin-1 strings
Flavor: r-devel-windows-x86_64-gcc10-UCRT