CRAN Package Check Results for Package radix

Last updated on 2021-09-22 07:51:33 CEST.

Flavor Version Tinstall Tcheck Ttotal Status Flags
r-devel-linux-x86_64-debian-clang 0.6 5.64 45.08 50.72 NOTE
r-devel-linux-x86_64-debian-gcc 0.6 4.05 34.99 39.04 NOTE
r-devel-linux-x86_64-fedora-clang 0.6 68.85 NOTE
r-devel-linux-x86_64-fedora-gcc 0.6 58.29 NOTE
r-devel-windows-x86_64 0.6 6.00 44.00 50.00 NOTE
r-devel-windows-x86_64-gcc10-UCRT 0.6 ERROR
r-patched-linux-x86_64 0.6 9.09 43.90 52.99 NOTE
r-patched-solaris-x86 0.6 78.80 NOTE
r-release-linux-x86_64 0.6 5.17 43.46 48.63 NOTE
r-release-macos-arm64 0.6 NOTE
r-release-macos-x86_64 0.6 NOTE
r-release-windows-ix86+x86_64 0.6 11.00 43.00 54.00 NOTE
r-oldrel-macos-x86_64 0.6 OK
r-oldrel-windows-ix86+x86_64 0.6 10.00 43.00 53.00 OK

Check Details

Version: 0.6
Check: LazyData
Result: NOTE
     'LazyData' is specified without a 'data' directory
Flavors: r-devel-linux-x86_64-debian-clang, r-devel-linux-x86_64-debian-gcc, r-devel-linux-x86_64-fedora-clang, r-devel-linux-x86_64-fedora-gcc, r-devel-windows-x86_64, r-patched-linux-x86_64, r-patched-solaris-x86, r-release-linux-x86_64, r-release-macos-arm64, r-release-macos-x86_64, r-release-windows-ix86+x86_64

Version: 0.6
Check: package dependencies
Result: ERROR
    Packages required but not available: 'png', 'xml2'
    
    Package suggested but not available for checking: 'DiagrammeR'
    
    See section 'The DESCRIPTION file' in the 'Writing R Extensions'
    manual.
Flavor: r-devel-windows-x86_64-gcc10-UCRT