CRAN Package Check Results for Package rODE

Last updated on 2021-06-25 08:50:13 CEST.

Flavor Version Tinstall Tcheck Ttotal Status Flags
r-devel-linux-x86_64-debian-clang 0.99.6 5.80 115.72 121.52 NOTE
r-devel-linux-x86_64-debian-gcc 0.99.6 3.82 81.06 84.88 NOTE
r-devel-linux-x86_64-fedora-clang 0.99.6 145.95 NOTE
r-devel-linux-x86_64-fedora-gcc 0.99.6 140.09 NOTE
r-devel-windows-x86_64 0.99.6 10.00 108.00 118.00 NOTE
r-devel-windows-x86_64-gcc10-UCRT 0.99.6 NOTE
r-patched-linux-x86_64 0.99.6 5.02 106.60 111.62 NOTE
r-patched-solaris-x86 0.99.6 170.20 NOTE
r-release-linux-x86_64 0.99.6 5.25 106.56 111.81 NOTE
r-release-macos-arm64 0.99.6 NOTE
r-release-macos-x86_64 0.99.6 NOTE
r-release-windows-ix86+x86_64 0.99.6 11.00 110.00 121.00 NOTE
r-oldrel-macos-x86_64 0.99.6 NOTE
r-oldrel-windows-ix86+x86_64 0.99.6 13.00 115.00 128.00 OK

Check Details

Version: 0.99.6
Check: LazyData
Result: NOTE
     'LazyData' is specified without a 'data' directory
Flavors: r-devel-linux-x86_64-debian-clang, r-devel-linux-x86_64-debian-gcc, r-devel-linux-x86_64-fedora-clang, r-devel-linux-x86_64-fedora-gcc, r-devel-windows-x86_64, r-devel-windows-x86_64-gcc10-UCRT, r-patched-linux-x86_64, r-patched-solaris-x86, r-release-linux-x86_64, r-release-macos-arm64, r-release-macos-x86_64, r-release-windows-ix86+x86_64

Version: 0.99.6
Check: dependencies in R code
Result: NOTE
    Namespace in Imports field not imported from: ‘data.table’
     All declared Imports should be used.
Flavors: r-devel-linux-x86_64-fedora-clang, r-devel-linux-x86_64-fedora-gcc, r-devel-windows-x86_64-gcc10-UCRT, r-patched-solaris-x86, r-release-macos-arm64, r-release-macos-x86_64, r-oldrel-macos-x86_64