CRAN Package Check Results for Package rMVP

Last updated on 2021-10-18 07:49:54 CEST.

Flavor Version Tinstall Tcheck Ttotal Status Flags
r-devel-linux-x86_64-debian-clang 1.0.6 116.71 71.50 188.21 OK
r-devel-linux-x86_64-debian-gcc 1.0.6 90.13 53.65 143.78 OK
r-devel-linux-x86_64-fedora-clang 1.0.6 291.49 NOTE
r-devel-linux-x86_64-fedora-gcc 1.0.6 253.98 NOTE
r-devel-windows-x86_64 1.0.6 156.00 91.00 247.00 OK
r-devel-windows-x86_64-gcc10-UCRT 1.0.6 NOTE
r-patched-linux-x86_64 1.0.6 101.51 69.06 170.57 OK
r-patched-solaris-x86 1.0.6 218.90 NOTE
r-release-linux-x86_64 1.0.6 104.74 68.02 172.76 OK
r-release-macos-arm64 1.0.6 NOTE
r-release-macos-x86_64 1.0.6 NOTE
r-release-windows-ix86+x86_64 1.0.6 217.00 133.00 350.00 OK
r-oldrel-macos-x86_64 1.0.6 NOTE
r-oldrel-windows-ix86+x86_64 1.0.6 294.00 136.00 430.00 OK

Check Details

Version: 1.0.6
Check: installed package size
Result: NOTE
     installed size is 18.2Mb
     sub-directories of 1Mb or more:
     libs 17.0Mb
Flavors: r-devel-linux-x86_64-fedora-clang, r-release-macos-arm64, r-release-macos-x86_64, r-oldrel-macos-x86_64

Version: 1.0.6
Check: dependencies in R code
Result: NOTE
    Namespace in Imports field not imported from: ‘Rcpp’
     All declared Imports should be used.
Flavors: r-devel-linux-x86_64-fedora-clang, r-devel-linux-x86_64-fedora-gcc, r-devel-windows-x86_64-gcc10-UCRT, r-patched-solaris-x86, r-release-macos-arm64, r-release-macos-x86_64, r-oldrel-macos-x86_64