CRAN Package Check Results for Package rIP

Last updated on 2021-07-27 07:50:40 CEST.

Flavor Version Tinstall Tcheck Ttotal Status Flags
r-devel-linux-x86_64-debian-clang 1.2.0 5.87 51.12 56.99 NOTE
r-devel-linux-x86_64-debian-gcc 1.2.0 3.89 38.21 42.10 NOTE
r-devel-linux-x86_64-fedora-clang 1.2.0 76.00 NOTE
r-devel-linux-x86_64-fedora-gcc 1.2.0 63.87 NOTE
r-devel-windows-x86_64 1.2.0 9.00 72.00 81.00 NOTE
r-devel-windows-x86_64-gcc10-UCRT 1.2.0 NOTE
r-patched-linux-x86_64 1.2.0 4.84 47.36 52.20 NOTE
r-release-linux-x86_64 1.2.0 5.16 46.82 51.98 NOTE
r-release-macos-arm64 1.2.0 NOTE
r-release-macos-x86_64 1.2.0 NOTE
r-release-windows-ix86+x86_64 1.2.0 13.00 56.00 69.00 NOTE
r-oldrel-macos-x86_64 1.2.0 OK
r-oldrel-windows-ix86+x86_64 1.2.0 10.00 70.00 80.00 OK

Check Details

Version: 1.2.0
Check: LazyData
Result: NOTE
     'LazyData' is specified without a 'data' directory
Flavors: r-devel-linux-x86_64-debian-clang, r-devel-linux-x86_64-debian-gcc, r-devel-linux-x86_64-fedora-clang, r-devel-linux-x86_64-fedora-gcc, r-devel-windows-x86_64, r-devel-windows-x86_64-gcc10-UCRT, r-patched-linux-x86_64, r-release-linux-x86_64, r-release-macos-arm64, r-release-macos-x86_64, r-release-windows-ix86+x86_64