CRAN Package Check Results for Package rAmCharts4

Last updated on 2021-07-28 07:49:37 CEST.

Flavor Version Tinstall Tcheck Ttotal Status Flags
r-devel-linux-x86_64-debian-clang 1.3.2 OK
r-devel-linux-x86_64-debian-gcc 1.3.2 7.94 50.66 58.60 OK
r-devel-linux-x86_64-fedora-clang 1.3.2 99.03 NOTE
r-devel-linux-x86_64-fedora-gcc 1.3.2 87.10 OK
r-devel-windows-x86_64 1.3.2 16.00 87.00 103.00 NOTE
r-devel-windows-x86_64-gcc10-UCRT 1.3.2 OK
r-patched-linux-x86_64 1.3.2 13.12 63.96 77.08 OK
r-patched-solaris-x86 1.3.2 127.50 NOTE
r-release-linux-x86_64 1.3.2 9.47 63.30 72.77 OK
r-release-macos-arm64 1.3.2 NOTE
r-release-macos-x86_64 1.3.2 NOTE
r-release-windows-ix86+x86_64 1.3.2 21.00 72.00 93.00 NOTE
r-oldrel-macos-x86_64 1.3.2 NOTE
r-oldrel-windows-ix86+x86_64 1.3.2 18.00 90.00 108.00 NOTE

Check Details

Version: 1.3.2
Check: installed package size
Result: NOTE
     installed size is 11.2Mb
     sub-directories of 1Mb or more:
     htmlwidgets 9.7Mb
     super-tiny-icons 1.0Mb
Flavors: r-devel-linux-x86_64-fedora-clang, r-devel-windows-x86_64, r-patched-solaris-x86, r-release-macos-arm64, r-release-macos-x86_64, r-release-windows-ix86+x86_64, r-oldrel-macos-x86_64, r-oldrel-windows-ix86+x86_64