CRAN Package Check Results for Package rAmCharts4

Last updated on 2021-05-11 07:48:01 CEST.

Flavor Version Tinstall Tcheck Ttotal Status Flags
r-devel-linux-x86_64-debian-clang 1.3.1 11.52 65.87 77.39 NOTE
r-devel-linux-x86_64-debian-gcc 1.3.1 8.61 50.04 58.65 NOTE
r-devel-linux-x86_64-fedora-clang 1.3.1 96.76 NOTE
r-devel-linux-x86_64-fedora-gcc 1.3.1 86.97 NOTE
r-devel-windows-ix86+x86_64 1.3.1 15.00 5.00 20.00 ERROR
r-devel-windows-x86_64-gcc10-UCRT 1.3.1 NOTE
r-patched-linux-x86_64 1.3.1 13.45 63.67 77.12 NOTE
r-patched-solaris-x86 1.3.1 129.40 NOTE
r-release-linux-x86_64 1.3.1 9.77 61.33 71.10 OK
r-release-macos-x86_64 1.3.1 NOTE
r-release-windows-ix86+x86_64 1.3.1 14.00 72.00 86.00 NOTE
r-oldrel-macos-x86_64 1.3.1 NOTE
r-oldrel-windows-ix86+x86_64 1.3.1 17.00 81.00 98.00 NOTE

Check Details

Version: 1.3.1
Check: LazyData
Result: NOTE
     'LazyData' is specified without a 'data' directory
Flavors: r-devel-linux-x86_64-debian-clang, r-devel-linux-x86_64-debian-gcc, r-devel-linux-x86_64-fedora-clang, r-devel-linux-x86_64-fedora-gcc, r-devel-windows-x86_64-gcc10-UCRT, r-patched-linux-x86_64, r-patched-solaris-x86

Version: 1.3.1
Check: installed package size
Result: NOTE
     installed size is 11.2Mb
     sub-directories of 1Mb or more:
     htmlwidgets 9.7Mb
     super-tiny-icons 1.0Mb
Flavors: r-devel-linux-x86_64-fedora-clang, r-patched-solaris-x86, r-release-macos-x86_64, r-release-windows-ix86+x86_64, r-oldrel-macos-x86_64, r-oldrel-windows-ix86+x86_64

Version: 1.3.1
Check: whether package can be installed
Result: ERROR
    Installation failed.
Flavor: r-devel-windows-ix86+x86_64