CRAN Package Check Results for Package r2glmm

Last updated on 2021-05-05 07:49:10 CEST.

Flavor Version Tinstall Tcheck Ttotal Status Flags
r-devel-linux-x86_64-debian-clang 0.1.2 2.97 44.39 47.36 NOTE
r-devel-linux-x86_64-debian-gcc 0.1.2 2.70 33.42 36.12 NOTE
r-devel-linux-x86_64-fedora-clang 0.1.2 67.34 NOTE
r-devel-linux-x86_64-fedora-gcc 0.1.2 55.79 NOTE
r-devel-windows-ix86+x86_64 0.1.2 8.00 63.00 71.00 NOTE
r-devel-windows-x86_64-gcc10-UCRT 0.1.2 NOTE
r-patched-linux-x86_64 0.1.2 8.87 42.89 51.76 NOTE
r-patched-solaris-x86 0.1.2 87.10 NOTE
r-release-linux-x86_64 0.1.2 2.55 42.82 45.37 OK
r-release-macos-x86_64 0.1.2 NOTE
r-release-windows-ix86+x86_64 0.1.2 7.00 51.00 58.00 OK
r-oldrel-macos-x86_64 0.1.2 NOTE
r-oldrel-windows-ix86+x86_64 0.1.2 5.00 64.00 69.00 OK

Check Details

Version: 0.1.2
Check: LazyData
Result: NOTE
     'LazyData' is specified without a 'data' directory
Flavors: r-devel-linux-x86_64-debian-clang, r-devel-linux-x86_64-debian-gcc, r-devel-linux-x86_64-fedora-clang, r-devel-linux-x86_64-fedora-gcc, r-devel-windows-ix86+x86_64, r-devel-windows-x86_64-gcc10-UCRT, r-patched-linux-x86_64

Version: 0.1.2
Check: dependencies in R code
Result: NOTE
    Namespaces in Imports field not imported from:
     ‘data.table’ ‘dplyr’ ‘lmerTest’
     All declared Imports should be used.
Flavors: r-devel-linux-x86_64-fedora-clang, r-devel-linux-x86_64-fedora-gcc, r-devel-windows-x86_64-gcc10-UCRT, r-patched-solaris-x86, r-release-macos-x86_64, r-oldrel-macos-x86_64