CRAN Package Check Results for Package quickReg

Last updated on 2021-09-26 07:50:18 CEST.

Flavor Version Tinstall Tcheck Ttotal Status Flags
r-devel-linux-x86_64-debian-clang 1.5.0 6.52 83.91 90.43 OK
r-devel-linux-x86_64-debian-gcc 1.5.0 4.72 61.35 66.07 OK
r-devel-linux-x86_64-fedora-clang 1.5.0 111.29 NOTE
r-devel-linux-x86_64-fedora-gcc 1.5.0 106.34 NOTE
r-devel-windows-x86_64 1.5.0 9.00 78.00 87.00 OK
r-devel-windows-x86_64-gcc10-UCRT 1.5.0 NOTE
r-patched-linux-x86_64 1.5.0 5.77 77.24 83.01 OK
r-patched-solaris-x86 1.5.0 126.00 NOTE
r-release-linux-x86_64 1.5.0 5.79 77.87 83.66 OK
r-release-macos-arm64 1.5.0 NOTE
r-release-macos-x86_64 1.5.0 NOTE
r-release-windows-ix86+x86_64 1.5.0 15.00 81.00 96.00 OK
r-oldrel-macos-x86_64 1.5.0 NOTE
r-oldrel-windows-ix86+x86_64 1.5.0 10.00 87.00 97.00 OK

Check Details

Version: 1.5.0
Check: dependencies in R code
Result: NOTE
    Namespace in Imports field not imported from: ‘psych’
     All declared Imports should be used.
Flavors: r-devel-linux-x86_64-fedora-clang, r-devel-linux-x86_64-fedora-gcc, r-devel-windows-x86_64-gcc10-UCRT, r-patched-solaris-x86, r-release-macos-arm64, r-release-macos-x86_64, r-oldrel-macos-x86_64

Version: 1.5.0
Check: Rd cross-references
Result: NOTE
    Undeclared package ‘PredictABEL’ in Rd xrefs
Flavor: r-devel-linux-x86_64-fedora-clang