CRAN Package Check Results for Package quantilogram

Last updated on 2021-09-28 07:48:37 CEST.

Flavor Version Tinstall Tcheck Ttotal Status Flags
r-devel-linux-x86_64-debian-clang 2.1.1 10.17 78.93 89.10 OK
r-devel-linux-x86_64-debian-gcc 2.1.1 7.39 61.33 68.72 OK
r-devel-linux-x86_64-fedora-clang 2.1.1 114.74 NOTE
r-devel-linux-x86_64-fedora-gcc 2.1.1 114.93 NOTE
r-devel-windows-x86_64 2.1.1 10.00 75.00 85.00 OK
r-devel-windows-x86_64-gcc10-UCRT 2.1.1 NOTE
r-patched-linux-x86_64 2.1.1 8.71 76.99 85.70 OK
r-patched-solaris-x86 2.1.1 161.10 NOTE
r-release-linux-x86_64 2.1.1 8.79 76.79 85.58 OK
r-release-macos-arm64 2.1.1 NOTE
r-release-macos-x86_64 2.1.1 NOTE
r-release-windows-ix86+x86_64 2.1.1 21.00 72.00 93.00 OK
r-oldrel-macos-x86_64 2.1.1 NOTE
r-oldrel-windows-ix86+x86_64 2.1.1 16.00 75.00 91.00 OK

Check Details

Version: 2.1.1
Check: dependencies in R code
Result: NOTE
    Namespace in Imports field not imported from: ‘SparseM’
     All declared Imports should be used.
Flavors: r-devel-linux-x86_64-fedora-clang, r-devel-linux-x86_64-fedora-gcc, r-devel-windows-x86_64-gcc10-UCRT, r-patched-solaris-x86, r-release-macos-arm64, r-release-macos-x86_64, r-oldrel-macos-x86_64