CRAN Package Check Results for Package qualvar

Last updated on 2021-06-14 07:48:47 CEST.

Flavor Version Tinstall Tcheck Ttotal Status Flags
r-devel-linux-x86_64-debian-clang 0.2.0 1.99 34.43 36.42 OK
r-devel-linux-x86_64-debian-gcc 0.2.0 1.57 26.06 27.63 OK
r-devel-linux-x86_64-fedora-clang 0.2.0 52.98 OK
r-devel-linux-x86_64-fedora-gcc 0.2.0 43.87 OK
r-devel-windows-x86_64 0.2.0 5.00 53.00 58.00 OK
r-devel-windows-x86_64-gcc10-UCRT 0.2.0 OK
r-patched-linux-x86_64 0.2.0 1.90 33.17 35.07 OK
r-patched-solaris-x86 0.2.0 50.00 WARN
r-release-linux-x86_64 0.2.0 1.94 32.69 34.63 OK
r-release-macos-arm64 0.2.0 WARN
r-release-macos-x86_64 0.2.0 WARN
r-release-windows-ix86+x86_64 0.2.0 5.00 53.00 58.00 OK
r-oldrel-macos-x86_64 0.2.0 WARN
r-oldrel-windows-ix86+x86_64 0.2.0 4.00 57.00 61.00 OK

Check Details

Version: 0.2.0
Check: re-building of vignette outputs
Result: WARN
    Error(s) in re-building vignettes:
     ...
    --- re-building ‘wilcox1973.Rmd’ using rmarkdown
    Warning in engine$weave(file, quiet = quiet, encoding = enc) :
     Pandoc (>= 1.12.3) not available. Falling back to R Markdown v1.
    Quitting from lines 92-106 (wilcox1973.Rmd)
    Error: processing vignette 'wilcox1973.Rmd' failed with diagnostics:
    there is no package called 'webshot'
    --- failed re-building ‘wilcox1973.Rmd’
    
    SUMMARY: processing the following file failed:
     ‘wilcox1973.Rmd’
    
    Error: Vignette re-building failed.
    Execution halted
Flavor: r-patched-solaris-x86

Version: 0.2.0
Check: re-building of vignette outputs
Result: WARN
    Error(s) in re-building vignettes:
     ...
    --- re-building ‘wilcox1973.Rmd’ using rmarkdown
    Warning in engine$weave(file, quiet = quiet, encoding = enc) :
     Pandoc (>= 1.12.3) not available. Falling back to R Markdown v1.
    Quitting from lines 92-106 (wilcox1973.Rmd)
    Error: processing vignette 'wilcox1973.Rmd' failed with diagnostics:
    invalid 'path' argument
    --- failed re-building ‘wilcox1973.Rmd’
    
    SUMMARY: processing the following file failed:
     ‘wilcox1973.Rmd’
    
    Error: Vignette re-building failed.
    Execution halted
Flavors: r-release-macos-arm64, r-release-macos-x86_64

Version: 0.2.0
Check: re-building of vignette outputs
Result: WARN
    Error(s) in re-building vignettes:
     ...
    --- re-building ‘wilcox1973.Rmd’ using rmarkdown
    Warning in engine$weave(file, quiet = quiet, encoding = enc) :
     Pandoc (>= 1.12.3) and/or pandoc-citeproc not available. Falling back to R Markdown v1.
    Quitting from lines 92-106 (wilcox1973.Rmd)
    Error: processing vignette 'wilcox1973.Rmd' failed with diagnostics:
    cannot open the connection
    --- failed re-building ‘wilcox1973.Rmd’
    
    SUMMARY: processing the following file failed:
     ‘wilcox1973.Rmd’
    
    Error: Vignette re-building failed.
    Execution halted
Flavor: r-oldrel-macos-x86_64