CRAN Package Check Results for Package qsub

Last updated on 2021-09-21 07:50:28 CEST.

Flavor Version Tinstall Tcheck Ttotal Status Flags
r-devel-linux-x86_64-debian-clang 1.1.2 6.15 56.48 62.63 OK
r-devel-linux-x86_64-debian-gcc 1.1.2 4.35 43.66 48.01 OK
r-devel-linux-x86_64-fedora-clang 1.1.2 81.79 OK
r-devel-linux-x86_64-fedora-gcc 1.1.2 69.64 OK
r-devel-windows-x86_64 1.1.2 8.00 56.00 64.00 OK
r-devel-windows-x86_64-gcc10-UCRT 1.1.2 ERROR
r-patched-linux-x86_64 1.1.2 5.94 51.82 57.76 OK
r-release-linux-x86_64 1.1.2 5.23 52.64 57.87 OK
r-release-macos-arm64 1.1.2 OK
r-release-macos-x86_64 1.1.2 OK
r-release-windows-ix86+x86_64 1.1.2 16.00 53.00 69.00 OK
r-oldrel-macos-x86_64 1.1.2 OK
r-oldrel-windows-ix86+x86_64 1.1.2 16.00 53.00 69.00 OK

Check Details

Version: 1.1.2
Check: whether package can be installed
Result: WARN
    Found the following significant warnings:
     WARNING: installation-time patches will not be applied, could not get the patches index
Flavor: r-devel-windows-x86_64-gcc10-UCRT

Version: 1.1.2
Check: PDF version of manual
Result: WARN
    LaTeX errors when creating PDF version.
    This typically indicates Rd problems.
Flavor: r-devel-windows-x86_64-gcc10-UCRT

Version: 1.1.2
Check: PDF version of manual without hyperrefs or index
Result: ERROR
    Re-running with no redirection of stdout/stderr.
Flavor: r-devel-windows-x86_64-gcc10-UCRT