CRAN Package Check Results for Package qs

Last updated on 2021-07-31 07:50:54 CEST.

Flavor Version Tinstall Tcheck Ttotal Status Flags
r-devel-linux-x86_64-debian-clang 0.25.1 69.38 37.79 107.17 OK
r-devel-linux-x86_64-debian-gcc 0.25.1 50.81 29.67 80.48 OK
r-devel-linux-x86_64-fedora-clang 0.25.1 154.24 NOTE
r-devel-linux-x86_64-fedora-gcc 0.25.1 139.87 OK
r-devel-windows-x86_64 0.25.1 83.00 67.00 150.00 OK
r-devel-windows-x86_64-gcc10-UCRT 0.24.1 OK
r-patched-linux-x86_64 0.25.1 OK
r-patched-solaris-x86 0.25.1 162.70 OK
r-release-linux-x86_64 0.25.1 60.68 36.99 97.67 OK
r-release-macos-arm64 0.25.1 NOTE
r-release-macos-x86_64 0.25.1 NOTE
r-release-windows-ix86+x86_64 0.25.1 234.00 94.00 328.00 NOTE
r-oldrel-macos-x86_64 0.25.1 NOTE
r-oldrel-windows-ix86+x86_64 0.25.1 153.00 80.00 233.00 NOTE

Check Details

Version: 0.25.1
Check: installed package size
Result: NOTE
     installed size is 7.9Mb
     sub-directories of 1Mb or more:
     doc 1.1Mb
     libs 6.6Mb
Flavors: r-devel-linux-x86_64-fedora-clang, r-release-macos-arm64, r-release-macos-x86_64, r-release-windows-ix86+x86_64, r-oldrel-macos-x86_64, r-oldrel-windows-ix86+x86_64