CRAN Package Check Results for Package qpcR

Last updated on 2021-07-25 07:50:13 CEST.

Flavor Version Tinstall Tcheck Ttotal Status Flags
r-devel-linux-x86_64-debian-clang 1.4-1 18.44 146.94 165.38 OK
r-devel-linux-x86_64-debian-gcc 1.4-1 13.68 113.61 127.29 OK
r-devel-linux-x86_64-fedora-clang 1.4-1 208.53 NOTE
r-devel-linux-x86_64-fedora-gcc 1.4-1 205.98 OK
r-devel-windows-x86_64 1.4-1 22.00 145.00 167.00 OK
r-devel-windows-x86_64-gcc10-UCRT 1.4-1 OK
r-patched-linux-x86_64 1.4-1 23.47 150.96 174.43 OK
r-patched-solaris-x86 1.4-1 254.00 NOTE
r-release-linux-x86_64 1.4-1 17.81 141.14 158.95 OK
r-release-macos-arm64 1.4-1 NOTE
r-release-macos-x86_64 1.4-1 OK
r-release-windows-ix86+x86_64 1.4-1 43.00 215.00 258.00 OK
r-oldrel-macos-x86_64 1.4-1 OK
r-oldrel-windows-ix86+x86_64 1.4-1 48.00 274.00 322.00 OK

Check Details

Version: 1.4-1
Check: installed package size
Result: NOTE
     installed size is 5.0Mb
     sub-directories of 1Mb or more:
     data 3.7Mb
Flavors: r-devel-linux-x86_64-fedora-clang, r-patched-solaris-x86, r-release-macos-arm64