CRAN Package Check Results for Package qlcMatrix

Last updated on 2021-09-22 07:51:32 CEST.

Flavor Version Tinstall Tcheck Ttotal Status Flags
r-devel-linux-x86_64-debian-clang 0.9.7 10.10 109.10 119.20 OK
r-devel-linux-x86_64-debian-gcc 0.9.7 7.90 83.50 91.40 OK
r-devel-linux-x86_64-fedora-clang 0.9.7 144.19 NOTE
r-devel-linux-x86_64-fedora-gcc 0.9.7 134.14 NOTE
r-devel-windows-x86_64 0.9.7 10.00 106.00 116.00 OK
r-devel-windows-x86_64-gcc10-UCRT 0.9.7 ERROR
r-patched-linux-x86_64 0.9.7 12.01 101.22 113.23 OK
r-patched-solaris-x86 0.9.7 209.90 NOTE
r-release-linux-x86_64 0.9.7 10.13 99.96 110.09 OK
r-release-macos-arm64 0.9.7 NOTE
r-release-macos-x86_64 0.9.7 NOTE
r-release-windows-ix86+x86_64 0.9.7 18.00 103.00 121.00 OK
r-oldrel-macos-x86_64 0.9.7 NOTE
r-oldrel-windows-ix86+x86_64 0.9.7 14.00 101.00 115.00 OK

Check Details

Version: 0.9.7
Check: data for non-ASCII characters
Result: NOTE
     Note: found 76102 marked UTF-8 strings
Flavors: r-devel-linux-x86_64-fedora-clang, r-devel-linux-x86_64-fedora-gcc, r-devel-windows-x86_64-gcc10-UCRT, r-patched-solaris-x86, r-release-macos-arm64, r-release-macos-x86_64, r-oldrel-macos-x86_64

Version: 0.9.7
Check: PDF version of manual
Result: WARN
    LaTeX errors when creating PDF version.
    This typically indicates Rd problems.
Flavor: r-devel-windows-x86_64-gcc10-UCRT

Version: 0.9.7
Check: PDF version of manual without hyperrefs or index
Result: ERROR
    Re-running with no redirection of stdout/stderr.
Flavor: r-devel-windows-x86_64-gcc10-UCRT