CRAN Package Check Results for Package qdap

Last updated on 2021-06-24 07:50:22 CEST.

Flavor Version Tinstall Tcheck Ttotal Status Flags
r-devel-linux-x86_64-debian-clang 2.4.3 42.46 270.83 313.29 OK
r-devel-linux-x86_64-debian-gcc 2.4.3 29.36 198.10 227.46 OK
r-devel-linux-x86_64-fedora-clang 2.4.3 369.62 NOTE
r-devel-linux-x86_64-fedora-gcc 2.4.3 364.98 OK
r-devel-windows-x86_64 2.4.3 59.00 263.00 322.00 OK
r-devel-windows-x86_64-gcc10-UCRT 2.4.3 ERROR
r-patched-linux-x86_64 2.4.3 45.26 253.26 298.52 OK
r-patched-solaris-x86 2.4.3 428.00 OK
r-release-linux-x86_64 2.4.3 37.10 255.11 292.21 OK
r-release-macos-arm64 2.4.3 ERROR
r-release-macos-x86_64 2.4.3 OK
r-release-windows-ix86+x86_64 2.4.3 54.00 227.00 281.00 OK
r-oldrel-macos-x86_64 2.4.3 OK

Check Details

Version: 2.4.3
Check: Rd cross-references
Result: NOTE
    Undeclared package ‘gplots’ in Rd xrefs
Flavor: r-devel-linux-x86_64-fedora-clang

Version: 2.4.3
Check: package dependencies
Result: ERROR
    Package required but not available: 'gender'
    
    See section 'The DESCRIPTION file' in the 'Writing R Extensions'
    manual.
Flavor: r-devel-windows-x86_64-gcc10-UCRT

Version: 2.4.3
Check: whether package can be installed
Result: ERROR
    Installation failed.
Flavor: r-release-macos-arm64