CRAN Package Check Results for Package qbld

Last updated on 2021-09-18 08:50:54 CEST.

Flavor Version Tinstall Tcheck Ttotal Status Flags
r-devel-linux-x86_64-debian-clang 1.0.1 192.68 50.89 243.57 OK
r-devel-linux-x86_64-debian-gcc 1.0.1 123.07 37.96 161.03 OK
r-devel-linux-x86_64-fedora-clang 1.0.1 358.15 NOTE
r-devel-linux-x86_64-fedora-gcc 1.0.1 314.84 OK
r-devel-windows-x86_64 1.0.1 185.00 85.00 270.00 OK
r-devel-windows-x86_64-gcc10-UCRT 1.0.1 OK
r-patched-linux-x86_64 1.0.1 151.39 47.77 199.16 OK
r-patched-solaris-x86 1.0.1 288.10 OK
r-release-linux-x86_64 1.0.1 148.09 48.37 196.46 OK
r-release-macos-arm64 1.0.1 NOTE
r-release-macos-x86_64 1.0.1 NOTE
r-release-windows-ix86+x86_64 1.0.1 450.00 78.00 528.00 OK
r-oldrel-macos-x86_64 1.0.1 NOTE
r-oldrel-windows-ix86+x86_64 1.0.1 440.00 78.00 518.00 OK

Check Details

Version: 1.0.1
Check: installed package size
Result: NOTE
     installed size is 6.2Mb
     sub-directories of 1Mb or more:
     libs 5.7Mb
Flavors: r-devel-linux-x86_64-fedora-clang, r-release-macos-arm64, r-release-macos-x86_64, r-oldrel-macos-x86_64