CRAN Package Check Results for Package puls

Last updated on 2021-06-24 07:50:22 CEST.

Flavor Version Tinstall Tcheck Ttotal Status Flags
r-devel-linux-x86_64-debian-clang 0.1.2 5.12 74.76 79.88 OK
r-devel-linux-x86_64-debian-gcc 0.1.2 3.80 56.02 59.82 OK
r-devel-linux-x86_64-fedora-clang 0.1.2 100.39 OK
r-devel-linux-x86_64-fedora-gcc 0.1.2 91.42 OK
r-devel-windows-x86_64 0.1.2 9.00 85.00 94.00 OK
r-devel-windows-x86_64-gcc10-UCRT 0.1.2 NOTE
r-patched-linux-x86_64 0.1.2 10.44 70.61 81.05 OK
r-patched-solaris-x86 0.1.2 140.00 OK
r-release-linux-x86_64 0.1.2 5.04 70.33 75.37 OK
r-release-macos-arm64 0.1.2 OK
r-release-macos-x86_64 0.1.2 OK
r-release-windows-ix86+x86_64 0.1.2 10.00 73.00 83.00 OK
r-oldrel-macos-x86_64 0.1.2 OK

Check Details

Version: 0.1.2
Check: package dependencies
Result: NOTE
    Package suggested but not available for checking: 'covr'
Flavor: r-devel-windows-x86_64-gcc10-UCRT