CRAN Package Check Results for Package ptsuite

Last updated on 2022-01-24 08:52:54 CET.

Flavor Version Tinstall Tcheck Ttotal Status Flags
r-devel-linux-x86_64-debian-clang 1.0.0 21.83 55.59 77.42 NOTE
r-devel-linux-x86_64-debian-gcc 1.0.0 14.18 44.03 58.21 NOTE
r-devel-linux-x86_64-fedora-clang 1.0.0 103.31 NOTE
r-devel-linux-x86_64-fedora-gcc 1.0.0 88.32 NOTE
r-devel-windows-x86_64-new-UL 1.0.0 43.00 135.00 178.00 NOTE
r-devel-windows-x86_64-new-TK 1.0.0 NOTE
r-patched-linux-x86_64 1.0.0 17.60 46.06 63.66 NOTE
r-release-linux-x86_64 1.0.0 19.36 45.70 65.06 NOTE
r-release-macos-arm64 1.0.0 NOTE
r-release-macos-x86_64 1.0.0 NOTE
r-release-windows-ix86+x86_64 1.0.0 49.00 92.00 141.00 NOTE
r-oldrel-macos-x86_64 1.0.0 OK
r-oldrel-windows-ix86+x86_64 1.0.0 51.00 93.00 144.00 OK

Check Details

Version: 1.0.0
Check: LazyData
Result: NOTE
     'LazyData' is specified without a 'data' directory
Flavors: r-devel-linux-x86_64-debian-clang, r-devel-linux-x86_64-debian-gcc, r-devel-linux-x86_64-fedora-clang, r-devel-linux-x86_64-fedora-gcc, r-devel-windows-x86_64-new-UL, r-devel-windows-x86_64-new-TK, r-patched-linux-x86_64, r-release-linux-x86_64, r-release-macos-arm64, r-release-macos-x86_64, r-release-windows-ix86+x86_64