CRAN Package Check Results for Package prt

Last updated on 2021-07-30 07:50:24 CEST.

Flavor Version Tinstall Tcheck Ttotal Status Flags
r-devel-linux-x86_64-debian-clang 0.1.4 OK
r-devel-linux-x86_64-debian-gcc 0.1.4 3.66 47.20 50.86 OK
r-devel-linux-x86_64-fedora-clang 0.1.4 87.37 OK
r-devel-linux-x86_64-fedora-gcc 0.1.4 72.66 OK
r-devel-windows-x86_64 0.1.4 6.00 79.00 85.00 OK
r-devel-windows-x86_64-gcc10-UCRT 0.1.4 OK
r-patched-linux-x86_64 0.1.4 OK
r-patched-solaris-x86 0.1.4 100.40 WARN
r-release-linux-x86_64 0.1.4 4.27 57.94 62.21 OK
r-release-macos-arm64 0.1.4 OK
r-release-macos-x86_64 0.1.4 OK
r-release-windows-ix86+x86_64 0.1.4 9.00 80.00 89.00 OK
r-oldrel-macos-x86_64 0.1.4 OK
r-oldrel-windows-ix86+x86_64 0.1.4 7.00 77.00 84.00 OK

Check Details

Version: 0.1.4
Check: re-building of vignette outputs
Result: WARN
    Error(s) in re-building vignettes:
     ...
    --- re-building ‘prt.Rmd’ using rmarkdown
    Warning in engine$weave(file, quiet = quiet, encoding = enc) :
     Pandoc (>= 1.12.3) not available. Falling back to R Markdown v1.
    
     *** caught segfault ***
    address f606df2c, cause 'memory not mapped'
Flavor: r-patched-solaris-x86

Version: 0.1.4
Check: for detritus in the temp directory
Result: NOTE
    Found the following files/directories:
     ‘Rtmpf_aqOB’
Flavor: r-patched-solaris-x86