CRAN Package Check Results for Package projpred

Last updated on 2021-08-04 07:49:48 CEST.

Flavor Version Tinstall Tcheck Ttotal Status Flags
r-devel-linux-x86_64-debian-clang 2.0.2 51.74 333.86 385.60 OK
r-devel-linux-x86_64-debian-gcc 2.0.2 38.83 237.96 276.79 OK
r-devel-linux-x86_64-fedora-clang 2.0.2 455.47 NOTE
r-devel-linux-x86_64-fedora-gcc 2.0.2 446.29 NOTE
r-devel-windows-x86_64 2.0.2 65.00 382.00 447.00 OK
r-devel-windows-x86_64-gcc10-UCRT 2.0.2 NOTE
r-patched-linux-x86_64 2.0.2 45.98 302.65 348.63 OK
r-patched-solaris-x86 2.0.2 555.30 NOTE
r-release-linux-x86_64 2.0.2 41.63 311.45 353.08 OK
r-release-macos-arm64 2.0.2 NOTE
r-release-macos-x86_64 2.0.2 NOTE
r-release-windows-ix86+x86_64 2.0.2 116.00 631.00 747.00 OK
r-oldrel-macos-x86_64 2.0.2 NOTE
r-oldrel-windows-ix86+x86_64 2.0.2 105.00 642.00 747.00 OK

Check Details

Version: 2.0.2
Check: dependencies in R code
Result: NOTE
    Namespaces in Imports field not imported from:
     ‘MASS’ ‘optimx’ ‘tidyverse’
     All declared Imports should be used.
Flavors: r-devel-linux-x86_64-fedora-clang, r-devel-linux-x86_64-fedora-gcc, r-devel-windows-x86_64-gcc10-UCRT, r-patched-solaris-x86, r-release-macos-arm64, r-release-macos-x86_64, r-oldrel-macos-x86_64