CRAN Package Check Results for Package proftools

Last updated on 2021-06-14 07:48:46 CEST.

Flavor Version Tinstall Tcheck Ttotal Status Flags
r-devel-linux-x86_64-debian-clang 0.99-3 4.21 95.70 99.91 OK
r-devel-linux-x86_64-debian-gcc 0.99-3 4.27 71.96 76.23 OK
r-devel-linux-x86_64-fedora-clang 0.99-3 126.15 OK
r-devel-linux-x86_64-fedora-gcc 0.99-3 117.92 OK
r-devel-windows-x86_64 0.99-3 8.00 124.00 132.00 OK
r-devel-windows-x86_64-gcc10-UCRT 0.99-3 ERROR
r-patched-linux-x86_64 0.99-3 5.12 93.04 98.16 OK
r-patched-solaris-x86 0.99-3 158.70 OK
r-release-linux-x86_64 0.99-3 4.90 91.85 96.75 OK
r-release-macos-arm64 0.99-3 ERROR
r-release-macos-x86_64 0.99-3 OK
r-release-windows-ix86+x86_64 0.99-3 8.00 85.00 93.00 WARN
r-oldrel-macos-x86_64 0.99-3 OK
r-oldrel-windows-ix86+x86_64 0.99-3 7.00 126.00 133.00 OK

Check Details

Version: 0.99-3
Check: package dependencies
Result: NOTE
    Package suggested but not available for checking: 'Rgraphviz'
Flavors: r-devel-windows-x86_64-gcc10-UCRT, r-release-macos-arm64

Version: 0.99-3
Check: examples
Result: ERROR
    Running examples in 'proftools-Ex.R' failed
    The error most likely occurred in:
    
    > ### Name: filterProfileData
    > ### Title: Filter Profile Data
    > ### Aliases: filterProfileData
    > ### Keywords: programming utilities
    >
    > ### ** Examples
    >
    > pd <- readProfileData(system.file("samples", "glmEx.out", package="proftools"))
    > plotProfileCallGraph(pd)
    Error in loadNamespace(x) : there is no package called 'Rgraphviz'
    Calls: plotProfileCallGraph ... loadNamespace -> withRestarts -> withOneRestart -> doWithOneRestart
    Execution halted
Flavors: r-devel-windows-x86_64-gcc10-UCRT, r-release-macos-arm64

Version: 0.99-3
Check: re-building of vignette outputs
Result: WARN
    Error(s) in re-building vignettes:
     ...
    --- re-building 'proftools.Rnw' using knitr
    Quitting from lines 231-232 (proftools.Rnw)
    Error: processing vignette 'proftools.Rnw' failed with diagnostics:
    there is no package called 'Rgraphviz'
    --- failed re-building 'proftools.Rnw'
    
    SUMMARY: processing the following file failed:
     'proftools.Rnw'
    
    Error: Vignette re-building failed.
    Execution halted
Flavors: r-devel-windows-x86_64-gcc10-UCRT, r-release-macos-arm64

Version: 0.99-3
Check: re-building of vignette outputs
Result: WARN
    Error(s) in re-building vignettes:
    --- re-building 'proftools.Rnw' using knitr
    Quitting from lines 125-126 (proftools.Rnw)
    Error: processing vignette 'proftools.Rnw' failed with diagnostics:
    internal error in trio library
    --- failed re-building 'proftools.Rnw'
    
    SUMMARY: processing the following file failed:
     'proftools.Rnw'
    
    Error: Vignette re-building failed.
    Execution halted
Flavor: r-release-windows-ix86+x86_64