CRAN Package Check Results for Package priceR

Last updated on 2022-01-24 08:52:54 CET.

Flavor Version Tinstall Tcheck Ttotal Status Flags
r-devel-linux-x86_64-debian-clang 0.1.6 4.91 57.90 62.81 OK
r-devel-linux-x86_64-debian-gcc 0.1.6 3.86 43.16 47.02 OK
r-devel-linux-x86_64-fedora-clang 0.1.6 76.51 NOTE
r-devel-linux-x86_64-fedora-gcc 0.1.6 62.57 NOTE
r-devel-windows-x86_64-new-UL 0.1.6 25.00 88.00 113.00 OK
r-devel-windows-x86_64-new-TK 0.1.6 NOTE
r-patched-linux-x86_64 0.1.6 4.66 53.76 58.42 OK
r-release-linux-x86_64 0.1.6 4.01 54.23 58.24 OK
r-release-macos-arm64 0.1.6 NOTE
r-release-macos-x86_64 0.1.6 NOTE
r-release-windows-ix86+x86_64 0.1.6 12.00 77.00 89.00 OK
r-oldrel-macos-x86_64 0.1.6 NOTE
r-oldrel-windows-ix86+x86_64 0.1.6 12.00 78.00 90.00 OK

Check Details

Version: 0.1.6
Check: dependencies in R code
Result: NOTE
    Namespaces in Imports field not imported from:
     ‘curl’ ‘lubridate’
     All declared Imports should be used.
Flavors: r-devel-linux-x86_64-fedora-clang, r-devel-linux-x86_64-fedora-gcc, r-devel-windows-x86_64-new-TK, r-release-macos-arm64, r-release-macos-x86_64, r-oldrel-macos-x86_64