CRAN Package Check Results for Package prevtoinc

Last updated on 2021-06-15 08:50:04 CEST.

Flavor Version Tinstall Tcheck Ttotal Status Flags
r-devel-linux-x86_64-debian-clang 0.12.0 4.81 77.20 82.01 NOTE
r-devel-linux-x86_64-debian-gcc 0.12.0 3.95 56.37 60.32 NOTE
r-devel-linux-x86_64-fedora-clang 0.12.0 104.09 NOTE
r-devel-linux-x86_64-fedora-gcc 0.12.0 95.37 NOTE
r-devel-windows-x86_64 0.12.0 8.00 100.00 108.00 NOTE
r-devel-windows-x86_64-gcc10-UCRT 0.12.0 NOTE
r-patched-linux-x86_64 0.12.0 3.98 74.45 78.43 NOTE
r-patched-solaris-x86 0.12.0 142.00 NOTE
r-release-linux-x86_64 0.12.0 4.65 74.47 79.12 NOTE
r-release-macos-arm64 0.12.0 NOTE
r-release-macos-x86_64 0.12.0 NOTE
r-release-windows-ix86+x86_64 0.12.0 12.00 96.00 108.00 NOTE
r-oldrel-macos-x86_64 0.12.0 OK
r-oldrel-windows-ix86+x86_64 0.12.0 27.00 101.00 128.00 OK

Check Details

Version: 0.12.0
Check: LazyData
Result: NOTE
     'LazyData' is specified without a 'data' directory
Flavors: r-devel-linux-x86_64-debian-clang, r-devel-linux-x86_64-debian-gcc, r-devel-linux-x86_64-fedora-clang, r-devel-linux-x86_64-fedora-gcc, r-devel-windows-x86_64, r-devel-windows-x86_64-gcc10-UCRT, r-patched-linux-x86_64, r-patched-solaris-x86, r-release-linux-x86_64, r-release-macos-arm64, r-release-macos-x86_64, r-release-windows-ix86+x86_64