CRAN Package Check Results for Package prettyglm

Last updated on 2021-10-18 07:49:52 CEST.

Flavor Version Tinstall Tcheck Ttotal Status Flags
r-devel-linux-x86_64-debian-clang 0.1.0 8.00 84.40 92.40 OK
r-devel-linux-x86_64-debian-gcc 0.1.0 7.08 63.02 70.10 OK
r-devel-linux-x86_64-fedora-clang 0.1.0 120.71 NOTE
r-devel-linux-x86_64-fedora-gcc 0.1.0 108.48 OK
r-devel-windows-x86_64 0.1.0 15.00 116.00 131.00 OK
r-devel-windows-x86_64-gcc10-UCRT 0.1.0 OK
r-patched-linux-x86_64 0.1.0 8.77 78.80 87.57 OK
r-patched-solaris-x86 0.1.0 156.30 OK
r-release-linux-x86_64 0.1.0 8.24 78.15 86.39 OK
r-release-macos-arm64 0.1.0 OK
r-release-macos-x86_64 0.1.0 WARN
r-release-windows-ix86+x86_64 0.1.0 23.00 110.00 133.00 OK
r-oldrel-macos-x86_64 0.1.0 WARN
r-oldrel-windows-ix86+x86_64 0.1.0 24.00 121.00 145.00 OK

Check Details

Version: 0.1.0
Check: Rd cross-references
Result: NOTE
    Undeclared package ‘parsnip’ in Rd xrefs
Flavor: r-devel-linux-x86_64-fedora-clang

Version: 0.1.0
Check: re-building of vignette outputs
Result: WARN
    Error(s) in re-building vignettes:
     ...
    --- re-building ‘prettyglm-vignette.Rmd’ using rmarkdown
    Warning in engine$weave(file, quiet = quiet, encoding = enc) :
     Pandoc (>= 1.12.3) not available. Falling back to R Markdown v1.
    Quitting from lines 88-90 (prettyglm-vignette.Rmd)
    Error: processing vignette 'prettyglm-vignette.Rmd' failed with diagnostics:
    invalid 'path' argument
    --- failed re-building ‘prettyglm-vignette.Rmd’
    
    SUMMARY: processing the following file failed:
     ‘prettyglm-vignette.Rmd’
    
    Error: Vignette re-building failed.
    Execution halted
Flavors: r-release-macos-x86_64, r-oldrel-macos-x86_64