CRAN Package Check Results for Package ppcong

Last updated on 2022-01-25 07:50:16 CET.

Flavor Version Tinstall Tcheck Ttotal Status Flags
r-devel-linux-x86_64-debian-clang 0.0.2 2.26 32.12 34.38 NOTE
r-devel-linux-x86_64-debian-gcc 0.0.2 1.82 25.49 27.31 NOTE
r-devel-linux-x86_64-fedora-clang 0.0.2 43.20 NOTE
r-devel-linux-x86_64-fedora-gcc 0.0.2 32.07 NOTE
r-devel-windows-x86_64-new-UL 0.0.2 24.00 51.00 75.00 NOTE
r-devel-windows-x86_64-new-TK 0.0.2 NOTE
r-patched-linux-x86_64 0.0.2 2.19 30.83 33.02 NOTE
r-release-linux-x86_64 0.0.2 2.39 31.10 33.49 NOTE
r-release-macos-arm64 0.0.2 NOTE
r-release-macos-x86_64 0.0.2 NOTE
r-release-windows-ix86+x86_64 0.0.2 5.00 41.00 46.00 NOTE
r-oldrel-macos-x86_64 0.0.2 OK
r-oldrel-windows-ix86+x86_64 0.0.2 7.00 41.00 48.00 OK

Check Details

Version: 0.0.2
Check: LazyData
Result: NOTE
     'LazyData' is specified without a 'data' directory
Flavors: r-devel-linux-x86_64-debian-clang, r-devel-linux-x86_64-debian-gcc, r-devel-linux-x86_64-fedora-clang, r-devel-linux-x86_64-fedora-gcc, r-devel-windows-x86_64-new-UL, r-devel-windows-x86_64-new-TK, r-patched-linux-x86_64, r-release-linux-x86_64, r-release-macos-arm64, r-release-macos-x86_64, r-release-windows-ix86+x86_64