CRAN Package Check Results for Package pointblank

Last updated on 2021-06-24 07:50:21 CEST.

Flavor Version Tinstall Tcheck Ttotal Status Flags
r-devel-linux-x86_64-debian-clang 0.7.0 21.17 193.61 214.78 OK
r-devel-linux-x86_64-debian-gcc 0.7.0 15.42 140.97 156.39 OK
r-devel-linux-x86_64-fedora-clang 0.7.0 209.04 OK
r-devel-linux-x86_64-fedora-gcc 0.7.0 171.44 OK
r-devel-windows-x86_64 0.7.0 29.00 196.00 225.00 OK
r-devel-windows-x86_64-gcc10-UCRT 0.7.0 ERROR
r-patched-linux-x86_64 0.7.0 21.91 180.65 202.56 OK
r-patched-solaris-x86 0.7.0 309.90 NOTE
r-release-linux-x86_64 0.7.0 18.13 179.66 197.79 OK
r-release-macos-arm64 0.7.0 OK
r-release-macos-x86_64 0.7.0 OK
r-release-windows-ix86+x86_64 0.7.0 24.00 170.00 194.00 OK
r-oldrel-macos-x86_64 0.7.0 OK

Check Details

Version: 0.7.0
Check: package dependencies
Result: ERROR
    Package required but not available: 'blastula'
    
    Packages suggested but not available for checking:
     'arrow', 'covr', 'sparklyr'
    
    See section 'The DESCRIPTION file' in the 'Writing R Extensions'
    manual.
Flavor: r-devel-windows-x86_64-gcc10-UCRT

Version: 0.7.0
Check: installed package size
Result: NOTE
     installed size is 5.2Mb
     sub-directories of 1Mb or more:
     help 2.9Mb
Flavor: r-patched-solaris-x86